CRAN Package Check Results for Package svDialogstcltk

Last updated on 2020-07-14 09:50:54 CEST.

Flavor Version Tinstall Tcheck Ttotal Status Flags
r-devel-linux-x86_64-debian-clang 0.9-4 2.03 22.20 24.23 NOTE
r-devel-linux-x86_64-debian-gcc 0.9-4 2.01 18.94 20.95 NOTE
r-devel-linux-x86_64-fedora-clang 0.9-4 40.89 NOTE
r-devel-linux-x86_64-fedora-gcc 0.9-4 33.36 NOTE
r-devel-windows-ix86+x86_64 0.9-4 8.00 32.00 40.00 NOTE
r-patched-linux-x86_64 0.9-4 2.53 23.32 25.85 NOTE
r-patched-solaris-x86 0.9-4 49.90 NOTE
r-release-linux-x86_64 0.9-4 2.45 23.33 25.78 NOTE
r-release-macos-x86_64 0.9-4 ERROR
r-release-windows-ix86+x86_64 0.9-4 9.00 37.00 46.00 NOTE
r-oldrel-macos-x86_64 0.9-4 NOTE
r-oldrel-windows-ix86+x86_64 0.9-4 7.00 57.00 64.00 NOTE

Check Details

Version: 0.9-4
Check: DESCRIPTION meta-information
Result: NOTE
    Malformed Description field: should contain one or more complete sentences.
Flavors: r-devel-linux-x86_64-debian-clang, r-devel-linux-x86_64-debian-gcc, r-devel-linux-x86_64-fedora-clang, r-devel-linux-x86_64-fedora-gcc, r-devel-windows-ix86+x86_64, r-patched-linux-x86_64, r-patched-solaris-x86, r-release-linux-x86_64, r-release-windows-ix86+x86_64, r-oldrel-macos-x86_64, r-oldrel-windows-ix86+x86_64

Version: 0.9-4
Check: R code for possible problems
Result: NOTE
    dlgMessage.tcltkGUI: no visible global function definition for 'alarm'
    Undefined global functions or variables:
     alarm
    Consider adding
     importFrom("utils", "alarm")
    to your NAMESPACE file.
Flavors: r-devel-linux-x86_64-debian-clang, r-devel-linux-x86_64-debian-gcc, r-devel-linux-x86_64-fedora-clang, r-devel-linux-x86_64-fedora-gcc, r-patched-linux-x86_64, r-patched-solaris-x86, r-release-linux-x86_64, r-oldrel-macos-x86_64

Version: 0.9-4
Check: R code for possible problems
Result: NOTE
    dlgMessage.tcltkGUI: no visible global function definition for 'alarm'
    dlgMessage.tcltkGUI: no visible global function definition for
     'bringToTop'
    Undefined global functions or variables:
     alarm bringToTop
    Consider adding
     importFrom("grDevices", "bringToTop")
     importFrom("utils", "alarm")
    to your NAMESPACE file.
Flavors: r-devel-windows-ix86+x86_64, r-release-windows-ix86+x86_64, r-oldrel-windows-ix86+x86_64

Version: 0.9-4
Check: whether package can be installed
Result: ERROR
    Installation failed.
Flavor: r-release-macos-x86_64