CRAN Package Check Results for Package survminer

Last updated on 2024-02-26 19:50:24 CET.

Flavor Version Tinstall Tcheck Ttotal Status Flags
r-devel-linux-x86_64-debian-clang 0.4.9 16.88 259.06 275.94 OK
r-devel-linux-x86_64-debian-gcc 0.4.9 11.54 188.56 200.10 OK
r-devel-linux-x86_64-fedora-clang 0.4.9 333.37 NOTE
r-devel-linux-x86_64-fedora-gcc 0.4.9 332.49 OK
r-devel-windows-x86_64 0.4.9 17.00 212.00 229.00 NOTE
r-patched-linux-x86_64 0.4.9 23.79 249.38 273.17 OK
r-release-linux-x86_64 0.4.9 16.81 253.59 270.40 OK
r-release-macos-arm64 0.4.9 103.00 NOTE
r-release-macos-x86_64 0.4.9 165.00 NOTE
r-release-windows-x86_64 0.4.9 21.00 269.00 290.00 NOTE
r-oldrel-macos-arm64 0.4.9 87.00 NOTE
r-oldrel-windows-x86_64 0.4.9 21.00 266.00 287.00 NOTE

Check Details

Version: 0.4.9
Check: installed package size
Result: NOTE installed size is 6.1Mb sub-directories of 1Mb or more: doc 5.6Mb Flavors: r-devel-linux-x86_64-fedora-clang, r-devel-windows-x86_64, r-release-macos-arm64, r-release-macos-x86_64, r-release-windows-x86_64, r-oldrel-macos-arm64, r-oldrel-windows-x86_64