Last updated on 2023-01-27 08:52:50 CET.
Flavor | Version | Tinstall | Tcheck | Ttotal | Status | Flags |
---|---|---|---|---|---|---|
r-devel-linux-x86_64-debian-clang | 0.4.9 | 16.07 | 270.32 | 286.39 | OK | |
r-devel-linux-x86_64-debian-gcc | 0.4.9 | 13.06 | 191.54 | 204.60 | OK | |
r-devel-linux-x86_64-fedora-clang | 0.4.9 | 338.01 | NOTE | |||
r-devel-linux-x86_64-fedora-gcc | 0.4.9 | 337.12 | OK | |||
r-patched-linux-x86_64 | 0.4.9 | 20.09 | 250.00 | 270.09 | OK | |
r-release-linux-x86_64 | 0.4.9 | 17.10 | 230.94 | 248.04 | OK | |
r-release-macos-arm64 | 0.4.9 | 87.00 | NOTE | |||
r-release-macos-x86_64 | 0.4.9 | 158.00 | NOTE | |||
r-release-windows-x86_64 | 0.4.9 | 68.00 | 314.00 | 382.00 | NOTE | |
r-oldrel-macos-arm64 | 0.4.9 | 146.00 | NOTE | |||
r-oldrel-macos-x86_64 | 0.4.9 | 160.00 | NOTE | |||
r-oldrel-windows-ix86+x86_64 | 0.4.9 | 36.00 | 289.00 | 325.00 | NOTE |
Version: 0.4.9
Check: installed package size
Result: NOTE
installed size is 6.1Mb
sub-directories of 1Mb or more:
doc 5.6Mb
Flavors: r-devel-linux-x86_64-fedora-clang, r-release-macos-arm64, r-release-macos-x86_64, r-release-windows-x86_64, r-oldrel-macos-arm64, r-oldrel-macos-x86_64, r-oldrel-windows-ix86+x86_64