CRAN Package Check Results for Package survivalAnalysis

Last updated on 2021-09-20 20:49:11 CEST.

Flavor Version Tinstall Tcheck Ttotal Status Flags
r-devel-linux-x86_64-debian-clang 0.2.0 13.86 141.01 154.87 OK
r-devel-linux-x86_64-debian-gcc 0.2.0 10.80 104.55 115.35 OK
r-devel-linux-x86_64-fedora-clang 0.2.0 188.52 OK
r-devel-linux-x86_64-fedora-gcc 0.2.0 175.17 OK
r-devel-windows-x86_64 0.2.0 17.00 129.00 146.00 OK
r-devel-windows-x86_64-gcc10-UCRT 0.2.0 ERROR
r-patched-linux-x86_64 0.2.0 19.76 139.31 159.07 OK
r-patched-solaris-x86 0.2.0 260.10 OK
r-release-linux-x86_64 0.2.0 11.76 138.84 150.60 OK
r-release-macos-arm64 0.2.0 OK
r-release-macos-x86_64 0.2.0 OK
r-release-windows-ix86+x86_64 0.2.0 33.00 123.00 156.00 OK
r-oldrel-macos-x86_64 0.2.0 OK
r-oldrel-windows-ix86+x86_64 0.2.0 33.00 125.00 158.00 OK

Check Details

Version: 0.2.0
Check: whether package can be installed
Result: WARN
    Found the following significant warnings:
     WARNING: installation-time patches will not be applied, could not get the patches index
Flavor: r-devel-windows-x86_64-gcc10-UCRT

Version: 0.2.0
Check: PDF version of manual
Result: WARN
    LaTeX errors when creating PDF version.
    This typically indicates Rd problems.
Flavor: r-devel-windows-x86_64-gcc10-UCRT

Version: 0.2.0
Check: PDF version of manual without hyperrefs or index
Result: ERROR
    Re-running with no redirection of stdout/stderr.
Flavor: r-devel-windows-x86_64-gcc10-UCRT