Last updated on 2025-01-25 07:50:45 CET.
Flavor | Version | Tinstall | Tcheck | Ttotal | Status | Flags |
---|---|---|---|---|---|---|
r-devel-linux-x86_64-debian-clang | 1.0.0 | 50.56 | 338.48 | 389.04 | OK | |
r-devel-linux-x86_64-debian-gcc | 1.0.0 | 30.73 | 223.23 | 253.96 | OK | |
r-devel-linux-x86_64-fedora-clang | 1.0.0 | 645.79 | OK | |||
r-devel-linux-x86_64-fedora-gcc | 1.0.0 | 594.66 | OK | |||
r-devel-windows-x86_64 | 1.0.0 | 41.00 | 272.00 | 313.00 | OK | |
r-patched-linux-x86_64 | 1.0.0 | 42.26 | 319.56 | 361.82 | NOTE | |
r-release-linux-x86_64 | 1.0.0 | 41.35 | 316.85 | 358.20 | NOTE | |
r-release-macos-arm64 | 1.0.0 | 136.00 | NOTE | |||
r-release-macos-x86_64 | 1.0.0 | 212.00 | NOTE | |||
r-release-windows-x86_64 | 1.0.0 | 40.00 | 275.00 | 315.00 | NOTE | |
r-oldrel-macos-arm64 | 1.0.0 | 151.00 | NOTE | |||
r-oldrel-macos-x86_64 | 1.0.0 | 278.00 | NOTE | |||
r-oldrel-windows-x86_64 | 1.0.0 | 59.00 | 377.00 | 436.00 | NOTE |
Version: 1.0.0
Check: package dependencies
Result: NOTE
Package suggested but not available for checking: ‘INLA’
Flavors: r-patched-linux-x86_64, r-release-linux-x86_64, r-release-macos-arm64, r-release-macos-x86_64, r-oldrel-macos-arm64, r-oldrel-macos-x86_64, r-oldrel-windows-x86_64
Version: 1.0.0
Check: installed package size
Result: NOTE
installed size is 5.9Mb
sub-directories of 1Mb or more:
data 3.0Mb
doc 2.5Mb
Flavors: r-release-macos-arm64, r-release-macos-x86_64, r-release-windows-x86_64, r-oldrel-macos-arm64, r-oldrel-macos-x86_64, r-oldrel-windows-x86_64