CRAN Package Check Results for Package sureLDA

Last updated on 2021-09-16 08:50:49 CEST.

Flavor Version Tinstall Tcheck Ttotal Status Flags
r-devel-linux-x86_64-debian-clang 0.1.0-1 34.79 302.08 336.87 OK
r-devel-linux-x86_64-debian-gcc 0.1.0-1 24.15 194.34 218.49 OK
r-devel-linux-x86_64-fedora-clang 0.1.0-1 397.20 NOTE
r-devel-linux-x86_64-fedora-gcc 0.1.0-1 383.15 NOTE
r-devel-windows-x86_64 0.1.0-1 38.00 396.00 434.00 OK
r-devel-windows-x86_64-gcc10-UCRT 0.1.0-1 NOTE
r-patched-linux-x86_64 0.1.0-1 30.31 288.83 319.14 OK
r-patched-solaris-x86 0.1.0-1 561.20 NOTE
r-release-linux-x86_64 0.1.0-1 31.53 275.02 306.55 OK
r-release-macos-arm64 0.1.0-1 NOTE
r-release-macos-x86_64 0.1.0-1 NOTE
r-release-windows-ix86+x86_64 0.1.0-1 86.00 319.00 405.00 OK
r-oldrel-macos-x86_64 0.1.0-1 NOTE
r-oldrel-windows-ix86+x86_64 0.1.0-1 59.00 414.00 473.00 OK

Check Details

Version: 0.1.0-1
Check: dependencies in R code
Result: NOTE
    Namespaces in Imports field not imported from:
     ‘doParallel’ ‘pROC’
     All declared Imports should be used.
Flavors: r-devel-linux-x86_64-fedora-clang, r-devel-linux-x86_64-fedora-gcc, r-devel-windows-x86_64-gcc10-UCRT, r-patched-solaris-x86, r-release-macos-arm64, r-release-macos-x86_64, r-oldrel-macos-x86_64