CRAN Package Check Results for Package sur

Last updated on 2020-01-17 09:51:39 CET.

Flavor Version Tinstall Tcheck Ttotal Status Flags
r-devel-linux-x86_64-debian-clang 1.0.2 2.80 22.10 24.90 OK
r-devel-linux-x86_64-debian-gcc 1.0.2 2.21 17.28 19.49 OK
r-devel-linux-x86_64-fedora-clang 1.0.2 30.15 NOTE
r-devel-linux-x86_64-fedora-gcc 1.0.2 28.66 NOTE
r-devel-windows-ix86+x86_64 1.0.2 15.00 47.00 62.00 OK
r-devel-windows-ix86+x86_64-gcc8 1.0.2 10.00 46.00 56.00 OK
r-patched-linux-x86_64 1.0.2 1.79 19.90 21.69 OK
r-patched-solaris-x86 1.0.2 44.70 NOTE
r-release-linux-x86_64 1.0.2 2.34 20.42 22.76 OK
r-release-windows-ix86+x86_64 1.0.2 12.00 36.00 48.00 OK
r-release-osx-x86_64 1.0.2 NOTE
r-oldrel-windows-ix86+x86_64 1.0.2 8.00 31.00 39.00 OK
r-oldrel-osx-x86_64 1.0.2 NOTE

Check Details

Version: 1.0.2
Check: dependencies in R code
Result: NOTE
    Namespace in Imports field not imported from: ‘learnr’
     All declared Imports should be used.
Flavors: r-devel-linux-x86_64-fedora-clang, r-devel-linux-x86_64-fedora-gcc, r-patched-solaris-x86, r-release-osx-x86_64, r-oldrel-osx-x86_64