CRAN Package Check Results for Package sur

Last updated on 2020-08-04 21:48:30 CEST.

Flavor Version Tinstall Tcheck Ttotal Status Flags
r-devel-linux-x86_64-debian-clang 1.0.3 2.16 22.40 24.56 OK
r-devel-linux-x86_64-debian-gcc 1.0.3 2.05 17.56 19.61 OK
r-devel-linux-x86_64-fedora-clang 1.0.3 38.34 NOTE
r-devel-linux-x86_64-fedora-gcc 1.0.3 28.55 NOTE
r-devel-windows-ix86+x86_64 1.0.3 17.00 33.00 50.00 OK
r-patched-linux-x86_64 1.0.3 2.61 22.24 24.85 OK
r-patched-solaris-x86 1.0.3 48.10 NOTE
r-release-linux-x86_64 1.0.3 2.71 22.36 25.07 OK
r-release-macos-x86_64 1.0.3 NOTE
r-release-windows-ix86+x86_64 1.0.3 11.00 49.00 60.00 OK
r-oldrel-macos-x86_64 1.0.3 NOTE
r-oldrel-windows-ix86+x86_64 1.0.3 6.00 46.00 52.00 OK

Check Details

Version: 1.0.3
Check: dependencies in R code
Result: NOTE
    Namespace in Imports field not imported from: ‘learnr’
     All declared Imports should be used.
Flavors: r-devel-linux-x86_64-fedora-clang, r-devel-linux-x86_64-fedora-gcc, r-patched-solaris-x86, r-release-macos-x86_64, r-oldrel-macos-x86_64