CRAN Package Check Results for Package summarytools

Last updated on 2020-01-25 08:50:16 CET.

Flavor Version Tinstall Tcheck Ttotal Status Flags
r-devel-linux-x86_64-debian-clang 0.9.4 17.67 101.76 119.43 OK
r-devel-linux-x86_64-debian-gcc 0.9.4 13.06 78.39 91.45 OK
r-devel-linux-x86_64-fedora-clang 0.9.4 164.20 NOTE
r-devel-linux-x86_64-fedora-gcc 0.9.4 159.98 NOTE
r-devel-windows-ix86+x86_64 0.9.4 27.00 129.00 156.00 OK
r-devel-windows-ix86+x86_64-gcc8 0.9.4 45.00 100.00 145.00 OK
r-patched-linux-x86_64 0.9.4 16.00 90.88 106.88 OK
r-patched-solaris-x86 0.9.4 207.60 NOTE
r-release-linux-x86_64 0.9.4 13.85 90.96 104.81 OK
r-release-windows-ix86+x86_64 0.9.4 23.00 120.00 143.00 OK
r-release-osx-x86_64 0.9.4 WARN
r-oldrel-windows-ix86+x86_64 0.9.4 19.00 79.00 98.00 OK
r-oldrel-osx-x86_64 0.9.4 WARN

Check Details

Version: 0.9.4
Check: data for non-ASCII characters
Result: NOTE
     Note: found 78 marked UTF-8 strings
Flavors: r-devel-linux-x86_64-fedora-clang, r-devel-linux-x86_64-fedora-gcc, r-patched-solaris-x86, r-release-osx-x86_64, r-oldrel-osx-x86_64

Version: 0.9.4
Check: dependencies in R code
Result: NOTE
    No protocol specified
    No protocol specified
    No protocol specified
Flavors: r-release-osx-x86_64, r-oldrel-osx-x86_64

Version: 0.9.4
Check: S3 generic/method consistency
Result: WARN
    No protocol specified
    No protocol specified
    No protocol specified
    See section ‘Generic functions and methods’ in the ‘Writing R
    Extensions’ manual.
Flavors: r-release-osx-x86_64, r-oldrel-osx-x86_64

Version: 0.9.4
Check: replacement functions
Result: WARN
    No protocol specified
    No protocol specified
    No protocol specified
    The argument of a replacement function which corresponds to the right
    hand side must be named ‘value’.
Flavors: r-release-osx-x86_64, r-oldrel-osx-x86_64

Version: 0.9.4
Check: foreign function calls
Result: NOTE
    No protocol specified
    No protocol specified
    No protocol specified
    See chapter ‘System and foreign language interfaces’ in the ‘Writing R
    Extensions’ manual.
Flavors: r-release-osx-x86_64, r-oldrel-osx-x86_64

Version: 0.9.4
Check: R code for possible problems
Result: NOTE
    No protocol specified
    No protocol specified
Flavors: r-release-osx-x86_64, r-oldrel-osx-x86_64

Version: 0.9.4
Check: for missing documentation entries
Result: WARN
    No protocol specified
    No protocol specified
    No protocol specified
    All user-level objects in a package should have documentation entries.
    See chapter ‘Writing R documentation files’ in the ‘Writing R
    Extensions’ manual.
Flavors: r-release-osx-x86_64, r-oldrel-osx-x86_64

Version: 0.9.4
Check: for code/documentation mismatches
Result: WARN
    No protocol specified
    No protocol specified
    No protocol specified
    No protocol specified
    No protocol specified
    No protocol specified
    No protocol specified
    No protocol specified
    No protocol specified
Flavors: r-release-osx-x86_64, r-oldrel-osx-x86_64

Version: 0.9.4
Check: Rd \usage sections
Result: NOTE
    No protocol specified
    No protocol specified
    No protocol specified
    The \usage entries for S3 methods should use the \method markup and not
    their full name.
    See chapter ‘Writing R documentation files’ in the ‘Writing R
    Extensions’ manual.
Flavors: r-release-osx-x86_64, r-oldrel-osx-x86_64