CRAN Package Check Results for Package summarytools

Last updated on 2019-08-23 10:48:26 CEST.

Flavor Version Tinstall Tcheck Ttotal Status Flags
r-devel-linux-x86_64-debian-clang 0.9.3 13.29 87.54 100.83 OK
r-devel-linux-x86_64-debian-gcc 0.9.3 11.71 67.86 79.57 OK
r-devel-linux-x86_64-fedora-clang 0.9.3 122.25 NOTE
r-devel-linux-x86_64-fedora-gcc 0.9.3 137.46 NOTE
r-devel-windows-ix86+x86_64 0.9.3 21.00 85.00 106.00 OK
r-patched-linux-x86_64 0.9.3 13.98 87.36 101.34 OK
r-patched-solaris-x86 0.9.3 223.80 NOTE
r-release-linux-x86_64 0.9.3 14.42 88.73 103.15 OK
r-release-windows-ix86+x86_64 0.9.3 34.00 94.00 128.00 OK
r-release-osx-x86_64 0.9.3 NOTE
r-oldrel-windows-ix86+x86_64 0.9.3 22.00 124.00 146.00 OK
r-oldrel-osx-x86_64 0.9.3 NOTE

Check Details

Version: 0.9.3
Check: data for non-ASCII characters
Result: NOTE
     Note: found 78 marked UTF-8 strings
Flavors: r-devel-linux-x86_64-fedora-clang, r-devel-linux-x86_64-fedora-gcc, r-patched-solaris-x86, r-release-osx-x86_64, r-oldrel-osx-x86_64