CRAN Package Check Results for Package sugarbag

Last updated on 2024-02-25 07:50:02 CET.

Flavor Version Tinstall Tcheck Ttotal Status Flags
r-devel-linux-x86_64-debian-clang 0.1.6 8.02 114.81 122.83 NOTE
r-devel-linux-x86_64-debian-gcc 0.1.6 6.62 84.49 91.11 NOTE
r-devel-linux-x86_64-fedora-clang 0.1.6 145.43 OK
r-devel-linux-x86_64-fedora-gcc 0.1.6 150.24 OK
r-devel-windows-x86_64 0.1.6 8.00 96.00 104.00 OK
r-patched-linux-x86_64 0.1.6 5.59 107.49 113.08 OK
r-release-linux-x86_64 0.1.6 4.99 108.82 113.81 OK
r-release-macos-arm64 0.1.6 51.00 OK
r-release-macos-x86_64 0.1.6 88.00 OK
r-release-windows-x86_64 0.1.6 11.00 118.00 129.00 OK
r-oldrel-macos-arm64 0.1.6 58.00 OK
r-oldrel-windows-x86_64 0.1.6 11.00 122.00 133.00 OK

Additional issues

donttest

Check Details

Version: 0.1.6
Check: Rd files
Result: NOTE checkRd: (-1) fp19.Rd:11: Lost braces in \itemize; meant \describe ? checkRd: (-1) fp19.Rd:12-13: Lost braces in \itemize; meant \describe ? checkRd: (-1) fp19.Rd:14: Lost braces in \itemize; meant \describe ? checkRd: (-1) fp19.Rd:15: Lost braces in \itemize; meant \describe ? checkRd: (-1) fp19.Rd:16: Lost braces in \itemize; meant \describe ? checkRd: (-1) fp19.Rd:17: Lost braces in \itemize; meant \describe ? checkRd: (-1) fp19.Rd:18: Lost braces in \itemize; meant \describe ? checkRd: (-1) fp19.Rd:19: Lost braces in \itemize; meant \describe ? checkRd: (-1) fp19.Rd:20: Lost braces in \itemize; meant \describe ? checkRd: (-1) fp19.Rd:21: Lost braces in \itemize; meant \describe ? checkRd: (-1) fp19.Rd:22: Lost braces in \itemize; meant \describe ? checkRd: (-1) fp19.Rd:23-24: Lost braces in \itemize; meant \describe ? checkRd: (-1) fp19.Rd:25: Lost braces in \itemize; meant \describe ? Flavors: r-devel-linux-x86_64-debian-clang, r-devel-linux-x86_64-debian-gcc