Last updated on 2022-05-18 21:53:28 CEST.
Flavor | Version | Tinstall | Tcheck | Ttotal | Status | Flags |
---|---|---|---|---|---|---|
r-devel-linux-x86_64-debian-clang | 1.0.0 | 25.32 | 265.76 | 291.08 | NOTE | |
r-devel-linux-x86_64-debian-gcc | 1.0.0 | 19.44 | 204.74 | 224.18 | NOTE | |
r-devel-linux-x86_64-fedora-clang | 1.0.0 | 341.16 | NOTE | |||
r-devel-linux-x86_64-fedora-gcc | 1.0.0 | 333.74 | NOTE | |||
r-devel-windows-x86_64 | 1.0.0 | 33.00 | 281.00 | 314.00 | NOTE | |
r-patched-linux-x86_64 | 1.0.0 | 21.25 | 250.98 | 272.23 | NOTE | |
r-release-linux-x86_64 | 1.0.0 | 22.07 | 248.23 | 270.30 | NOTE | |
r-release-macos-arm64 | 1.0.0 | 86.00 | NOTE | |||
r-release-macos-x86_64 | 1.0.0 | 148.00 | NOTE | |||
r-release-windows-x86_64 | 1.0.0 | 32.00 | 278.00 | 310.00 | NOTE | |
r-oldrel-macos-arm64 | 1.0.0 | 114.00 | NOTE | |||
r-oldrel-macos-x86_64 | 1.0.0 | 207.00 | NOTE | |||
r-oldrel-windows-ix86+x86_64 | 1.0.0 | 57.00 | 273.00 | 330.00 | NOTE |
Version: 1.0.0
Check: LazyData
Result: NOTE
'LazyData' is specified without a 'data' directory
Flavors: r-devel-linux-x86_64-debian-clang, r-devel-linux-x86_64-debian-gcc, r-devel-linux-x86_64-fedora-clang, r-devel-linux-x86_64-fedora-gcc, r-devel-windows-x86_64, r-patched-linux-x86_64, r-release-linux-x86_64, r-release-macos-arm64, r-release-macos-x86_64, r-release-windows-x86_64, r-oldrel-macos-arm64, r-oldrel-macos-x86_64, r-oldrel-windows-ix86+x86_64
Version: 1.0.0
Check: dependencies in R code
Result: NOTE
Namespaces in Imports field not imported from:
‘pls’ ‘tibble’
All declared Imports should be used.
Flavors: r-devel-linux-x86_64-fedora-clang, r-devel-linux-x86_64-fedora-gcc, r-release-macos-arm64, r-release-macos-x86_64, r-oldrel-macos-arm64, r-oldrel-macos-x86_64