CRAN Package Check Results for Package strvalidator

Last updated on 2019-10-21 09:51:27 CEST.

Flavor Version Tinstall Tcheck Ttotal Status Flags
r-devel-linux-x86_64-debian-clang 2.2.0 36.61 243.21 279.82 OK
r-devel-linux-x86_64-debian-gcc 2.2.0 31.08 193.28 224.36 OK
r-devel-linux-x86_64-fedora-clang 2.2.0 331.66 NOTE
r-devel-linux-x86_64-fedora-gcc 2.2.0 319.71 NOTE
r-devel-windows-ix86+x86_64 2.2.0 52.00 291.00 343.00 OK
r-patched-linux-x86_64 2.2.0 37.50 240.86 278.36 OK
r-patched-solaris-x86 2.2.0 400.50 NOTE
r-release-linux-x86_64 2.2.0 35.36 246.83 282.19 OK
r-release-windows-ix86+x86_64 2.2.0 74.00 206.00 280.00 OK
r-release-osx-x86_64 2.2.0 NOTE
r-oldrel-windows-ix86+x86_64 2.2.0 52.00 191.00 243.00 OK
r-oldrel-osx-x86_64 2.2.0 NOTE

Check Details

Version: 2.2.0
Check: dependencies in R code
Result: NOTE
    Namespace in Imports field not imported from: ‘gWidgets2tcltk’
     All declared Imports should be used.
Flavors: r-devel-linux-x86_64-fedora-clang, r-devel-linux-x86_64-fedora-gcc, r-patched-solaris-x86, r-release-osx-x86_64, r-oldrel-osx-x86_64