CRAN Package Check Results for Package strvalidator

Last updated on 2020-05-29 10:47:35 CEST.

Flavor Version Tinstall Tcheck Ttotal Status Flags
r-devel-linux-x86_64-debian-clang 2.2.0 39.01 269.94 308.95 OK
r-devel-linux-x86_64-debian-gcc 2.2.0 35.01 212.38 247.39 OK
r-devel-linux-x86_64-fedora-clang 2.2.0 382.19 NOTE
r-devel-linux-x86_64-fedora-gcc 2.2.0 368.16 NOTE
r-devel-windows-ix86+x86_64 2.2.0 80.00 280.00 360.00 OK
r-patched-linux-x86_64 2.2.0 39.30 267.72 307.02 OK
r-patched-solaris-x86 2.2.0 442.60 NOTE
r-release-linux-x86_64 2.2.0 39.93 269.15 309.08 OK
r-release-osx-x86_64 2.2.0 NOTE
r-release-windows-ix86+x86_64 2.2.0 53.00 315.00 368.00 OK
r-oldrel-osx-x86_64 2.2.0 NOTE
r-oldrel-windows-ix86+x86_64 2.2.0 59.00 219.00 278.00 OK

Check Details

Version: 2.2.0
Check: dependencies in R code
Result: NOTE
    Namespace in Imports field not imported from: ‘gWidgets2tcltk’
     All declared Imports should be used.
Flavors: r-devel-linux-x86_64-fedora-clang, r-devel-linux-x86_64-fedora-gcc, r-patched-solaris-x86, r-release-osx-x86_64, r-oldrel-osx-x86_64