CRAN Package Check Results for Package stripless

Last updated on 2021-12-04 07:50:36 CET.

Flavor Version Tinstall Tcheck Ttotal Status Flags
r-devel-linux-x86_64-debian-clang 1.0-3 2.89 84.20 87.09 NOTE
r-devel-linux-x86_64-debian-gcc 1.0-3 2.66 65.18 67.84 NOTE
r-devel-linux-x86_64-fedora-clang 1.0-3 103.20 NOTE
r-devel-linux-x86_64-fedora-gcc 1.0-3 92.65 NOTE
r-devel-windows-x86_64-new-UL 1.0-3 8.00 118.00 126.00 NOTE
r-devel-windows-x86_64-new-TK 1.0-3 NOTE
r-devel-windows-x86_64-old 1.0-3 5.00 74.00 79.00 NOTE
r-patched-linux-x86_64 1.0-3 3.37 68.52 71.89 NOTE
r-release-linux-x86_64 1.0-3 2.74 68.98 71.72 NOTE
r-release-macos-arm64 1.0-3 NOTE
r-release-macos-x86_64 1.0-3 NOTE
r-release-windows-ix86+x86_64 1.0-3 6.00 99.00 105.00 NOTE
r-oldrel-macos-x86_64 1.0-3 OK
r-oldrel-windows-ix86+x86_64 1.0-3 7.00 91.00 98.00 OK

Check Details

Version: 1.0-3
Check: LazyData
Result: NOTE
     'LazyData' is specified without a 'data' directory
Flavors: r-devel-linux-x86_64-debian-clang, r-devel-linux-x86_64-debian-gcc, r-devel-linux-x86_64-fedora-clang, r-devel-linux-x86_64-fedora-gcc, r-devel-windows-x86_64-new-UL, r-devel-windows-x86_64-new-TK, r-devel-windows-x86_64-old, r-patched-linux-x86_64, r-release-linux-x86_64, r-release-macos-arm64, r-release-macos-x86_64, r-release-windows-ix86+x86_64