CRAN Package Check Results for Package stringdist

Last updated on 2020-08-04 21:48:30 CEST.

Flavor Version Tinstall Tcheck Ttotal Status Flags
r-devel-linux-x86_64-debian-clang 0.9.6 5.70 33.01 38.71 OK
r-devel-linux-x86_64-debian-gcc 0.9.6 4.10 25.88 29.98 OK
r-devel-linux-x86_64-fedora-clang 0.9.6 56.18 OK
r-devel-linux-x86_64-fedora-gcc 0.9.6 46.13 OK
r-devel-windows-ix86+x86_64 0.9.6 26.00 51.00 77.00 OK
r-patched-linux-x86_64 0.9.6 4.51 32.03 36.54 OK
r-patched-solaris-x86 0.9.6 62.20 OK
r-release-linux-x86_64 0.9.6 5.00 31.68 36.68 OK
r-release-macos-x86_64 0.9.6 ERROR
r-release-windows-ix86+x86_64 0.9.6 19.00 53.00 72.00 OK
r-oldrel-macos-x86_64 0.9.6 OK
r-oldrel-windows-ix86+x86_64 0.9.6 21.00 49.00 70.00 OK

Check Details

Version: 0.9.6
Check: tests
Result: ERROR
     Running ‘tinytest.R’ [1s/1s]
    Running the tests in ‘tests/tinytest.R’ failed.
    Last 13 lines of output:
     ----- FAILED[data]: test_afind.R<42--42>
     call| expect_identical(out, out1)
     diff| Component "location": Mean relative difference: 1
     diff| Component "match": 11 string mismatches
     ----- FAILED[data]: test_afind.R<51--51>
     call| expect_equal(grab(texts, "harvester", maxDist = 2), 2)
     diff| Numeric: lengths (1, 4) differ
     ----- FAILED[data]: test_afind.R<52--52>
     call| expect_equal(grab(texts, "harvester", value = TRUE, maxDist = 2),
     call| "harverste")
     diff| Lengths (1, 4) differ (string compare on first 1)
     diff| 1 string mismatch
     ----- FAILED[data]: test_afind.R<53--54>
     call| expect_equal(grabl(texts, "harvester", maxDist = 2), c(FALS
     Execution halted
Flavor: r-release-macos-x86_64