CRAN Package Check Results for Package streamDAG

Last updated on 2024-03-03 08:52:47 CET.

Flavor Version Tinstall Tcheck Ttotal Status Flags
r-devel-linux-x86_64-debian-clang 1.5 14.33 183.81 198.14 NOTE
r-devel-linux-x86_64-debian-gcc 1.5 10.69 137.28 147.97 NOTE
r-devel-linux-x86_64-fedora-clang 1.5 245.44 NOTE
r-devel-linux-x86_64-fedora-gcc 1.5 254.57 NOTE
r-devel-windows-x86_64 1.5 11.00 147.00 158.00 OK
r-patched-linux-x86_64 1.5 11.65 168.92 180.57 OK
r-release-linux-x86_64 1.5 10.47 168.14 178.61 OK
r-release-macos-arm64 1.5 86.00 OK
r-release-macos-x86_64 1.5 161.00 OK
r-release-windows-x86_64 1.5 14.00 179.00 193.00 OK
r-oldrel-macos-arm64 1.5 127.00 OK
r-oldrel-windows-x86_64 1.5 14.00 183.00 197.00 OK

Check Details

Version: 1.5
Check: Rd files
Result: NOTE checkRd: (-1) isle.Rd:38: Lost braces 38 | \code{\link[streamDAG]{stream.order}}, \code{\link[igraph]{delete.vertices}}, code{\link[igraph]{add.vertices}}, code{\link[igraph]{add.edges}} | ^ checkRd: (-1) isle.Rd:38: Lost braces 38 | \code{\link[streamDAG]{stream.order}}, \code{\link[igraph]{delete.vertices}}, code{\link[igraph]{add.vertices}}, code{\link[igraph]{add.edges}} | ^ Flavors: r-devel-linux-x86_64-debian-clang, r-devel-linux-x86_64-debian-gcc, r-devel-linux-x86_64-fedora-clang, r-devel-linux-x86_64-fedora-gcc