Last updated on 2021-01-26 07:50:30 CET.
Flavor | Version | Tinstall | Tcheck | Ttotal | Status | Flags |
---|---|---|---|---|---|---|
r-devel-linux-x86_64-debian-clang | 1.4-0 | 147.75 | 188.14 | 335.89 | OK | |
r-devel-linux-x86_64-debian-gcc | 1.4-0 | 101.93 | 140.76 | 242.69 | OK | |
r-devel-linux-x86_64-fedora-clang | 1.4-0 | 462.28 | NOTE | |||
r-devel-linux-x86_64-fedora-gcc | 1.4-0 | 414.55 | NOTE | |||
r-devel-windows-ix86+x86_64 | 1.4-0 | 326.00 | 326.00 | 652.00 | NOTE | |
r-patched-linux-x86_64 | 1.4-0 | 120.93 | 176.09 | 297.02 | OK | |
r-patched-solaris-x86 | 1.4-0 | 430.40 | NOTE | |||
r-release-linux-x86_64 | 1.4-0 | 118.74 | 178.59 | 297.33 | OK | |
r-release-macos-x86_64 | 1.4-0 | NOTE | ||||
r-release-windows-ix86+x86_64 | 1.4-0 | 328.00 | 244.00 | 572.00 | NOTE | |
r-oldrel-macos-x86_64 | 1.4-0 | NOTE | ||||
r-oldrel-windows-ix86+x86_64 | 1.4-0 | 279.00 | 334.00 | 613.00 | NOTE |
Version: 1.4-0
Check: installed package size
Result: NOTE
installed size is 14.9Mb
sub-directories of 1Mb or more:
doc 2.3Mb
libs 11.8Mb
Flavors: r-devel-linux-x86_64-fedora-clang, r-devel-windows-ix86+x86_64, r-release-macos-x86_64, r-release-windows-ix86+x86_64, r-oldrel-macos-x86_64, r-oldrel-windows-ix86+x86_64
Version: 1.4-0
Check: dependencies in R code
Result: NOTE
Namespace in Imports field not imported from: ‘dbscan’
All declared Imports should be used.
Flavors: r-devel-linux-x86_64-fedora-clang, r-devel-linux-x86_64-fedora-gcc, r-patched-solaris-x86, r-release-macos-x86_64, r-oldrel-macos-x86_64