CRAN Package Check Results for Package stream

Last updated on 2021-11-30 07:50:07 CET.

Flavor Version Tinstall Tcheck Ttotal Status Flags
r-devel-linux-x86_64-debian-clang 1.5-0 136.72 212.42 349.14 OK
r-devel-linux-x86_64-debian-gcc 1.5-0 116.06 159.78 275.84 OK
r-devel-linux-x86_64-fedora-clang 1.5-0 505.40 NOTE
r-devel-linux-x86_64-fedora-gcc 1.5-0 461.05 OK
r-devel-windows-x86_64-new-UL 1.5-0 205.00 361.00 566.00 NOTE
r-devel-windows-x86_64-new-TK 1.5-0 OK
r-devel-windows-x86_64-old 1.5-0 182.00 202.00 384.00 OK
r-patched-linux-x86_64 1.5-0 133.76 209.44 343.20 OK
r-patched-solaris-x86 1.5-0 482.80 OK
r-release-linux-x86_64 1.5-0 120.86 205.73 326.59 OK
r-release-macos-arm64 1.5-0 NOTE
r-release-macos-x86_64 1.5-0 NOTE
r-release-windows-ix86+x86_64 1.5-0 338.00 277.00 615.00 NOTE
r-oldrel-macos-x86_64 1.5-0 NOTE
r-oldrel-windows-ix86+x86_64 1.5-0 246.00 374.00 620.00 NOTE

Check Details

Version: 1.5-0
Check: installed package size
Result: NOTE
     installed size is 12.9Mb
     sub-directories of 1Mb or more:
     doc 2.6Mb
     libs 9.4Mb
Flavors: r-devel-linux-x86_64-fedora-clang, r-devel-windows-x86_64-new-UL, r-release-macos-arm64, r-release-macos-x86_64, r-release-windows-ix86+x86_64, r-oldrel-macos-x86_64, r-oldrel-windows-ix86+x86_64