CRAN Package Check Results for Package stppSim

Last updated on 2024-03-01 19:49:13 CET.

Flavor Version Tinstall Tcheck Ttotal Status Flags
r-devel-linux-x86_64-debian-clang 1.3.2 53.47 452.57 506.04 OK
r-devel-linux-x86_64-debian-gcc 1.3.2 43.58 332.34 375.92 OK
r-devel-linux-x86_64-fedora-clang 1.3.2 486.15 NOTE
r-devel-linux-x86_64-fedora-gcc 1.3.2 479.97 OK
r-devel-windows-x86_64 1.3.2 42.00 277.00 319.00 OK
r-patched-linux-x86_64 1.3.2 35.49 426.49 461.98 OK
r-release-linux-x86_64 1.3.2 35.53 424.76 460.29 OK
r-release-macos-arm64 1.3.2 156.00 OK
r-release-macos-x86_64 1.3.2 346.00 OK
r-release-windows-x86_64 1.3.2 56.00 374.00 430.00 OK
r-oldrel-macos-arm64 1.3.2 167.00 OK
r-oldrel-windows-x86_64 1.3.2 57.00 362.00 419.00 OK

Check Details

Version: 1.3.2
Check: package dependencies
Result: NOTE Imports includes 25 non-default packages. Importing from so many packages makes the package vulnerable to any of them becoming unavailable. Move as many as possible to Suggests and use conditionally. Flavor: r-devel-linux-x86_64-fedora-clang