CRAN Package Check Results for Package storr

Last updated on 2020-10-26 19:48:34 CET.

Flavor Version Tinstall Tcheck Ttotal Status Flags
r-devel-linux-x86_64-debian-clang 1.2.4 8.53 50.77 59.30 OK
r-devel-linux-x86_64-debian-gcc 1.2.4 7.10 37.63 44.73 OK
r-devel-linux-x86_64-fedora-clang 1.2.4 79.50 OK
r-devel-linux-x86_64-fedora-gcc 1.2.4 71.50 OK
r-devel-windows-ix86+x86_64 1.2.4 18.00 99.00 117.00 OK
r-patched-linux-x86_64 1.2.4 8.32 47.45 55.77 OK
r-patched-solaris-x86 1.2.4 94.30 NOTE
r-release-linux-x86_64 1.2.4 8.59 47.21 55.80 OK
r-release-macos-x86_64 1.2.4 OK
r-release-windows-ix86+x86_64 1.2.4 17.00 72.00 89.00 OK
r-oldrel-macos-x86_64 1.2.4 OK
r-oldrel-windows-ix86+x86_64 1.2.4 21.00 97.00 118.00 OK

Check Details

Version: 1.2.4
Check: package dependencies
Result: NOTE
    Package suggested but not available for checking: ‘RPostgres’
Flavor: r-patched-solaris-x86