CRAN Package Check Results for Package storr

Last updated on 2021-09-22 20:50:02 CEST.

Flavor Version Tinstall Tcheck Ttotal Status Flags
r-devel-linux-x86_64-debian-clang 1.2.5 9.91 51.76 61.67 NOTE
r-devel-linux-x86_64-debian-gcc 1.2.5 7.10 39.92 47.02 NOTE
r-devel-linux-x86_64-fedora-clang 1.2.5 81.29 NOTE
r-devel-linux-x86_64-fedora-gcc 1.2.5 70.27 NOTE
r-devel-windows-x86_64 1.2.5 12.00 60.00 72.00 NOTE
r-devel-windows-x86_64-gcc10-UCRT 1.2.5 ERROR
r-patched-linux-x86_64 1.2.5 9.76 50.72 60.48 NOTE
r-patched-solaris-x86 1.2.5 101.00 NOTE
r-release-linux-x86_64 1.2.5 7.98 49.45 57.43 NOTE
r-release-macos-arm64 1.2.5 NOTE
r-release-macos-x86_64 1.2.5 NOTE
r-release-windows-ix86+x86_64 1.2.5 17.00 76.00 93.00 NOTE
r-oldrel-macos-x86_64 1.2.5 OK
r-oldrel-windows-ix86+x86_64 1.2.5 25.00 78.00 103.00 OK

Check Details

Version: 1.2.5
Check: LazyData
Result: NOTE
     'LazyData' is specified without a 'data' directory
Flavors: r-devel-linux-x86_64-debian-clang, r-devel-linux-x86_64-debian-gcc, r-devel-linux-x86_64-fedora-clang, r-devel-linux-x86_64-fedora-gcc, r-devel-windows-x86_64, r-patched-linux-x86_64, r-patched-solaris-x86, r-release-linux-x86_64, r-release-macos-arm64, r-release-macos-x86_64, r-release-windows-ix86+x86_64

Version: 1.2.5
Check: whether package can be installed
Result: ERROR
    Installation failed.
Flavor: r-devel-windows-x86_64-gcc10-UCRT