Last updated on 2023-11-30 19:52:15 CET.
Flavor | Version | Tinstall | Tcheck | Ttotal | Status | Flags |
---|---|---|---|---|---|---|
r-devel-linux-x86_64-debian-clang | 0.2.0 | 29.56 | 180.75 | 210.31 | OK | |
r-devel-linux-x86_64-debian-gcc | 0.2.0 | 24.86 | 138.85 | 163.71 | OK | |
r-devel-linux-x86_64-fedora-clang | 0.2.0 | 262.41 | NOTE | |||
r-devel-linux-x86_64-fedora-gcc | 0.2.0 | 294.01 | OK | |||
r-devel-windows-x86_64 | 0.2.0 | 53.00 | 106.00 | 159.00 | NOTE | |
r-patched-linux-x86_64 | 0.2.0 | 31.78 | 183.98 | 215.76 | OK | |
r-release-linux-x86_64 | 0.2.0 | 31.31 | 178.99 | 210.30 | OK | |
r-release-macos-arm64 | 0.2.0 | 99.00 | NOTE | |||
r-release-macos-x86_64 | 0.2.0 | 137.00 | NOTE | |||
r-release-windows-x86_64 | 0.2.0 | 71.00 | 130.00 | 201.00 | NOTE | |
r-oldrel-macos-arm64 | 0.2.0 | 85.00 | NOTE | |||
r-oldrel-macos-x86_64 | 0.2.0 | 138.00 | NOTE | |||
r-oldrel-windows-x86_64 | 0.2.0 | 66.00 | 123.00 | 189.00 | NOTE |
Version: 0.2.0
Check: installed package size
Result: NOTE
installed size is 19.2Mb
sub-directories of 1Mb or more:
libs 17.5Mb
Flavors: r-devel-linux-x86_64-fedora-clang, r-devel-windows-x86_64, r-release-macos-arm64, r-release-macos-x86_64, r-release-windows-x86_64, r-oldrel-macos-arm64, r-oldrel-macos-x86_64, r-oldrel-windows-x86_64