CRAN Package Check Results for Package stochvol

Last updated on 2021-09-23 08:51:24 CEST.

Flavor Version Tinstall Tcheck Ttotal Status Flags
r-devel-linux-x86_64-debian-clang 3.1.0 147.11 156.01 303.12 OK
r-devel-linux-x86_64-debian-gcc 3.1.0 100.88 119.47 220.35 OK
r-devel-linux-x86_64-fedora-clang 3.1.0 403.49 NOTE
r-devel-linux-x86_64-fedora-gcc 3.1.0 375.01 OK
r-devel-windows-x86_64 3.1.0 128.00 172.00 300.00 OK
r-devel-windows-x86_64-gcc10-UCRT 3.1.0 ERROR
r-patched-linux-x86_64 3.1.0 119.24 153.26 272.50 OK
r-patched-solaris-x86 3.1.0 414.30 OK
r-release-linux-x86_64 3.1.0 117.31 153.56 270.87 OK
r-release-macos-arm64 3.1.0 NOTE
r-release-macos-x86_64 3.1.0 NOTE
r-release-windows-ix86+x86_64 3.1.0 326.00 229.00 555.00 NOTE
r-oldrel-macos-x86_64 3.1.0 NOTE
r-oldrel-windows-ix86+x86_64 3.1.0 244.00 237.00 481.00 NOTE

Check Details

Version: 3.1.0
Check: installed package size
Result: NOTE
     installed size is 8.5Mb
     sub-directories of 1Mb or more:
     doc 1.9Mb
     libs 5.7Mb
Flavors: r-devel-linux-x86_64-fedora-clang, r-release-macos-arm64, r-release-macos-x86_64, r-release-windows-ix86+x86_64, r-oldrel-macos-x86_64, r-oldrel-windows-ix86+x86_64

Version: 3.1.0
Check: whether package can be installed
Result: ERROR
    Installation failed.
Flavor: r-devel-windows-x86_64-gcc10-UCRT