Last updated on 2023-09-27 21:01:36 CEST.
Flavor | Version | Tinstall | Tcheck | Ttotal | Status | Flags |
---|---|---|---|---|---|---|
r-devel-linux-x86_64-debian-clang | 0.5.1 | 36.24 | 41.68 | 77.92 | NOTE | |
r-devel-linux-x86_64-debian-gcc | 0.5.1 | 22.78 | 32.55 | 55.33 | NOTE | |
r-devel-linux-x86_64-fedora-clang | 0.5.1 | 112.81 | NOTE | |||
r-devel-linux-x86_64-fedora-gcc | 0.5.1 | 105.05 | NOTE | |||
r-devel-windows-x86_64 | 0.5.1 | 30.00 | 69.00 | 99.00 | NOTE | |
r-patched-linux-x86_64 | 0.5.1 | 33.58 | 41.28 | 74.86 | NOTE | |
r-release-linux-x86_64 | 0.5.1 | 33.22 | 41.54 | 74.76 | NOTE | |
r-release-macos-arm64 | 0.5.1 | 32.00 | NOTE | |||
r-release-macos-x86_64 | 0.5.1 | 48.00 | NOTE | |||
r-release-windows-x86_64 | 0.5.1 | 37.00 | 77.00 | 114.00 | NOTE | |
r-oldrel-macos-arm64 | 0.5.1 | 30.00 | NOTE | |||
r-oldrel-macos-x86_64 | 0.5.1 | 43.00 | NOTE | |||
r-oldrel-windows-x86_64 | 0.5.1 | 33.00 | 77.00 | 110.00 | NOTE |
Version: 0.5.1
Check: LazyData
Result: NOTE
'LazyData' is specified without a 'data' directory
Flavors: r-devel-linux-x86_64-debian-clang, r-devel-linux-x86_64-debian-gcc, r-devel-linux-x86_64-fedora-clang, r-devel-linux-x86_64-fedora-gcc, r-devel-windows-x86_64, r-patched-linux-x86_64, r-release-linux-x86_64, r-release-macos-arm64, r-release-macos-x86_64, r-release-windows-x86_64, r-oldrel-macos-arm64, r-oldrel-macos-x86_64, r-oldrel-windows-x86_64
Version: 0.5.1
Check: compiled code
Result: NOTE
File ‘stlplus/libs/stlplus.so’:
Found no calls to: ‘R_registerRoutines’, ‘R_useDynamicSymbols’
It is good practice to register native routines and to disable symbol
search.
See ‘Writing portable packages’ in the ‘Writing R Extensions’ manual.
Flavors: r-devel-linux-x86_64-fedora-clang, r-devel-linux-x86_64-fedora-gcc