CRAN Package Check Results for Package stlTDNN

Last updated on 2021-09-20 08:50:47 CEST.

Flavor Version Tinstall Tcheck Ttotal Status Flags
r-devel-linux-x86_64-debian-clang 0.1.0 12.30 109.50 121.80 OK
r-devel-linux-x86_64-debian-gcc 0.1.0 9.80 82.52 92.32 OK
r-devel-linux-x86_64-fedora-clang 0.1.0 150.55 OK
r-devel-linux-x86_64-fedora-gcc 0.1.0 139.51 OK
r-devel-windows-x86_64 0.1.0 16.00 96.00 112.00 OK
r-devel-windows-x86_64-gcc10-UCRT 0.1.0 ERROR
r-patched-linux-x86_64 0.1.0 10.53 102.97 113.50 OK
r-patched-solaris-x86 0.1.0 214.80 OK
r-release-linux-x86_64 0.1.0 10.55 101.39 111.94 OK
r-release-macos-arm64 0.1.0 OK
r-release-macos-x86_64 0.1.0 OK
r-release-windows-ix86+x86_64 0.1.0 30.00 91.00 121.00 OK
r-oldrel-macos-x86_64 0.1.0 OK
r-oldrel-windows-ix86+x86_64 0.1.0 31.00 99.00 130.00 OK

Check Details

Version: 0.1.0
Check: whether package can be installed
Result: WARN
    Found the following significant warnings:
     WARNING: installation-time patches will not be applied, could not get the patches index
Flavor: r-devel-windows-x86_64-gcc10-UCRT

Version: 0.1.0
Check: PDF version of manual
Result: WARN
    LaTeX errors when creating PDF version.
    This typically indicates Rd problems.
Flavor: r-devel-windows-x86_64-gcc10-UCRT

Version: 0.1.0
Check: PDF version of manual without hyperrefs or index
Result: ERROR
    Re-running with no redirection of stdout/stderr.
Flavor: r-devel-windows-x86_64-gcc10-UCRT