CRAN Package Check Results for Package stevemisc

Last updated on 2021-11-29 07:51:24 CET.

Flavor Version Tinstall Tcheck Ttotal Status Flags
r-devel-linux-x86_64-debian-clang 1.3.0 OK
r-devel-linux-x86_64-debian-gcc 1.3.0 12.61 90.75 103.36 OK
r-devel-linux-x86_64-fedora-clang 1.3.0 169.41 NOTE
r-devel-linux-x86_64-fedora-gcc 1.3.0 154.26 NOTE
r-devel-windows-x86_64-new-UL 1.3.0 29.00 166.00 195.00 OK
r-devel-windows-x86_64-new-TK 1.3.0 NOTE
r-devel-windows-x86_64-old 1.3.0 19.00 154.00 173.00 OK
r-patched-linux-x86_64 1.3.0 13.68 110.66 124.34 OK
r-patched-solaris-x86 1.3.0 224.10 NOTE
r-release-linux-x86_64 1.3.0 12.93 113.41 126.34 OK
r-release-macos-arm64 1.3.0 NOTE
r-release-macos-x86_64 1.3.0 NOTE
r-release-windows-ix86+x86_64 1.3.0 34.00 109.00 143.00 OK
r-oldrel-macos-x86_64 1.3.0 NOTE
r-oldrel-windows-ix86+x86_64 1.3.0 33.00 158.00 191.00 OK

Check Details

Version: 1.3.0
Check: data for non-ASCII characters
Result: NOTE
     Note: found 1 marked UTF-8 string
Flavors: r-devel-linux-x86_64-fedora-clang, r-devel-linux-x86_64-fedora-gcc, r-devel-windows-x86_64-new-TK, r-patched-solaris-x86, r-release-macos-arm64, r-release-macos-x86_64, r-oldrel-macos-x86_64