CRAN Package Check Results for Package stcos

Last updated on 2019-09-15 09:49:20 CEST.

Flavor Version Tinstall Tcheck Ttotal Status Flags
r-devel-linux-x86_64-debian-clang 0.1.0 82.84 66.64 149.48 OK
r-devel-linux-x86_64-debian-gcc 0.1.0 68.00 52.31 120.31 OK
r-devel-linux-x86_64-fedora-clang 0.1.0 219.27 NOTE
r-devel-linux-x86_64-fedora-gcc 0.1.0 204.37 OK
r-devel-windows-ix86+x86_64 0.1.0 199.00 151.00 350.00 NOTE
r-patched-linux-x86_64 0.1.0 75.92 65.67 141.59 OK
r-patched-solaris-x86 0.1.0 270.80 OK
r-release-linux-x86_64 0.1.0 77.06 66.95 144.01 OK
r-release-windows-ix86+x86_64 0.1.0 127.00 108.00 235.00 NOTE
r-oldrel-windows-ix86+x86_64 0.1.0 182.00 101.00 283.00 NOTE
r-oldrel-osx-x86_64 0.1.0 NOTE

Check Details

Version: 0.1.0
Check: installed package size
Result: NOTE
     installed size is 8.3Mb
     sub-directories of 1Mb or more:
     columbia 1.3Mb
     data 2.4Mb
     libs 4.5Mb
Flavors: r-devel-linux-x86_64-fedora-clang, r-devel-windows-ix86+x86_64, r-release-windows-ix86+x86_64, r-oldrel-windows-ix86+x86_64, r-oldrel-osx-x86_64