CRAN Package Check Results for Package stcos

Last updated on 2020-01-23 09:52:23 CET.

Flavor Version Tinstall Tcheck Ttotal Status Flags
r-devel-linux-x86_64-debian-clang 0.2.1 97.74 85.56 183.30 OK
r-devel-linux-x86_64-debian-gcc 0.2.1 64.53 66.03 130.56 OK
r-devel-linux-x86_64-fedora-clang 0.2.1 245.41 NOTE
r-devel-linux-x86_64-fedora-gcc 0.2.1 229.24 OK
r-devel-windows-ix86+x86_64 0.2.1 254.00 186.00 440.00 OK
r-devel-windows-ix86+x86_64-gcc8 0.2.1 257.00 200.00 457.00 NOTE
r-patched-linux-x86_64 0.2.1 76.00 76.88 152.88 OK
r-patched-solaris-x86 0.2.1 268.70 OK
r-release-linux-x86_64 0.2.1 71.58 78.12 149.70 OK
r-release-windows-ix86+x86_64 0.2.1 181.00 168.00 349.00 OK
r-release-osx-x86_64 0.2.1 NOTE
r-oldrel-windows-ix86+x86_64 0.2.1 147.00 140.00 287.00 OK
r-oldrel-osx-x86_64 0.2.1 NOTE

Check Details

Version: 0.2.1
Check: installed package size
Result: NOTE
     installed size is 7.2Mb
     sub-directories of 1Mb or more:
     data 2.4Mb
     libs 4.5Mb
Flavors: r-devel-linux-x86_64-fedora-clang, r-devel-windows-ix86+x86_64-gcc8, r-release-osx-x86_64, r-oldrel-osx-x86_64