Last updated on 2023-09-28 09:58:18 CEST.
Flavor | Version | Tinstall | Tcheck | Ttotal | Status | Flags |
---|---|---|---|---|---|---|
r-devel-linux-x86_64-debian-clang | 2019.6 | 13.39 | 496.99 | 510.38 | NOTE | |
r-devel-linux-x86_64-debian-gcc | 2019.6 | 11.28 | 364.78 | 376.06 | NOTE | |
r-devel-linux-x86_64-fedora-clang | 2019.6 | 752.19 | NOTE | |||
r-devel-linux-x86_64-fedora-gcc | 2019.6 | 801.18 | NOTE | |||
r-devel-windows-x86_64 | 2019.6 | 57.00 | 214.00 | 271.00 | NOTE | |
r-patched-linux-x86_64 | 2019.6 | 13.02 | 447.78 | 460.80 | NOTE | |
r-release-linux-x86_64 | 2019.6 | 9.48 | 440.56 | 450.04 | NOTE | |
r-release-macos-arm64 | 2019.6 | 101.00 | NOTE | |||
r-release-macos-x86_64 | 2019.6 | 176.00 | NOTE | |||
r-release-windows-x86_64 | 2019.6 | 71.00 | 258.00 | 329.00 | NOTE | |
r-oldrel-macos-arm64 | 2019.6 | 98.00 | OK | |||
r-oldrel-macos-x86_64 | 2019.6 | 216.00 | OK | |||
r-oldrel-windows-x86_64 | 2019.6 | 72.00 | 361.00 | 433.00 | NOTE |
Version: 2019.6
Check: package dependencies
Result: NOTE
Package suggested but not available for checking: ‘networksis’
Flavors: r-devel-linux-x86_64-debian-clang, r-devel-linux-x86_64-debian-gcc, r-devel-linux-x86_64-fedora-clang, r-devel-linux-x86_64-fedora-gcc, r-devel-windows-x86_64, r-patched-linux-x86_64, r-release-linux-x86_64, r-release-macos-arm64, r-release-macos-x86_64, r-release-windows-x86_64, r-oldrel-windows-x86_64
Version: 2019.6
Check: whether startup messages can be suppressed
Result: NOTE
unable to reach CRAN
It looks like this package (or a package it requires) has a startup
message which cannot be suppressed: see ?packageStartupMessage.
Flavor: r-devel-windows-x86_64
Version: 2019.6
Check: startup messages can be suppressed
Result: NOTE
unable to reach CRAN
It looks like this package (or a package it requires) has a startup
message which cannot be suppressed: see ?packageStartupMessage.
Flavors: r-release-macos-arm64, r-release-macos-x86_64, r-release-windows-x86_64