CRAN Package Check Results for Package states

Last updated on 2022-01-25 07:50:22 CET.

Flavor Version Tinstall Tcheck Ttotal Status Flags
r-devel-linux-x86_64-debian-clang 0.3.1 3.69 68.20 71.89 OK
r-devel-linux-x86_64-debian-gcc 0.3.1 3.08 53.08 56.16 OK
r-devel-linux-x86_64-fedora-clang 0.3.1 89.12 OK
r-devel-linux-x86_64-fedora-gcc 0.3.1 79.03 OK
r-devel-windows-x86_64-new-UL 0.3.1 36.00 102.00 138.00 OK
r-devel-windows-x86_64-new-TK 0.3.1 OK
r-patched-linux-x86_64 0.3.1 4.69 64.33 69.02 OK
r-release-linux-x86_64 0.3.1 4.06 64.81 68.87 OK
r-release-macos-arm64 0.3.1 OK
r-release-macos-x86_64 0.3.1 WARN
r-release-windows-ix86+x86_64 0.3.1 12.00 90.00 102.00 OK
r-oldrel-macos-x86_64 0.3.1 WARN
r-oldrel-windows-ix86+x86_64 0.3.1 11.00 91.00 102.00 OK

Check Details

Version: 0.3.1
Check: re-building of vignette outputs
Result: WARN
    Error(s) in re-building vignettes:
     ...
    --- re-building ‘differences-gw-cow.Rmd’ using rmarkdown
    Warning in engine$weave(file, quiet = quiet, encoding = enc) :
     Pandoc (>= 1.12.3) not available. Falling back to R Markdown v1.
    --- finished re-building ‘differences-gw-cow.Rmd’
    
    --- re-building ‘statelists.Rmd’ using rmarkdown
    Warning in engine$weave(file, quiet = quiet, encoding = enc) :
     Pandoc (>= 1.12.3) not available. Falling back to R Markdown v1.
    Quitting from lines 28-30 (statelists.Rmd)
    Error: processing vignette 'statelists.Rmd' failed with diagnostics:
    invalid 'path' argument
    --- failed re-building ‘statelists.Rmd’
    
    SUMMARY: processing the following file failed:
     ‘statelists.Rmd’
    
    Error: Vignette re-building failed.
    Execution halted
Flavor: r-release-macos-x86_64

Version: 0.3.1
Check: re-building of vignette outputs
Result: WARN
    Error(s) in re-building vignettes:
     ...
    --- re-building ‘differences-gw-cow.Rmd’ using rmarkdown
    Warning in engine$weave(file, quiet = quiet, encoding = enc) :
     Pandoc (>= 1.12.3) not available. Falling back to R Markdown v1.
    --- finished re-building ‘differences-gw-cow.Rmd’
    
    --- re-building ‘statelists.Rmd’ using rmarkdown
    Warning in engine$weave(file, quiet = quiet, encoding = enc) :
     Pandoc (>= 1.12.3) not available. Falling back to R Markdown v1.
    Quitting from lines 28-30 (statelists.Rmd)
    Error: processing vignette 'statelists.Rmd' failed with diagnostics:
    subscript out of bounds
    --- failed re-building ‘statelists.Rmd’
    
    SUMMARY: processing the following file failed:
     ‘statelists.Rmd’
    
    Error: Vignette re-building failed.
    Execution halted
Flavor: r-oldrel-macos-x86_64