CRAN Package Check Results for Package startR

Last updated on 2020-07-14 09:50:53 CEST.

Flavor Version Tinstall Tcheck Ttotal Status Flags
r-devel-linux-x86_64-debian-clang 0.0.1 8.21 44.55 52.76 NOTE
r-devel-linux-x86_64-debian-gcc 0.0.1 8.11 35.18 43.29 NOTE
r-devel-linux-x86_64-fedora-clang 0.0.1 72.78 NOTE
r-devel-linux-x86_64-fedora-gcc 0.0.1 67.52 NOTE
r-devel-windows-ix86+x86_64 0.0.1 19.00 57.00 76.00 NOTE
r-patched-linux-x86_64 0.0.1 8.22 45.42 53.64 NOTE
r-patched-solaris-x86 0.0.1 91.00 NOTE
r-release-linux-x86_64 0.0.1 7.66 46.39 54.05 NOTE
r-release-macos-x86_64 0.0.1 ERROR
r-release-windows-ix86+x86_64 0.0.1 18.00 80.00 98.00 NOTE
r-oldrel-macos-x86_64 0.0.1 OK
r-oldrel-windows-ix86+x86_64 0.0.1 24.00 74.00 98.00 NOTE

Check Details

Version: 0.0.1
Check: dependencies in R code
Result: NOTE
    Unexported objects imported by ':::' calls:
     's2dverification:::.KnownLatNames' 's2dverification:::.KnownLonNames'
     See the note in ?`:::` about the use of this operator.
Flavors: r-devel-linux-x86_64-debian-clang, r-devel-linux-x86_64-debian-gcc, r-devel-linux-x86_64-fedora-clang, r-devel-linux-x86_64-fedora-gcc, r-devel-windows-ix86+x86_64, r-patched-linux-x86_64, r-patched-solaris-x86, r-release-linux-x86_64, r-release-windows-ix86+x86_64, r-oldrel-windows-ix86+x86_64

Version: 0.0.1
Check: whether package can be installed
Result: ERROR
    Installation failed.
Flavor: r-release-macos-x86_64