CRAN Package Check Results for Package starma

Last updated on 2022-05-18 09:54:15 CEST.

Flavor Version Tinstall Tcheck Ttotal Status Flags
r-devel-linux-x86_64-debian-clang 1.3 53.67 92.42 146.09 OK
r-devel-linux-x86_64-debian-gcc 1.3 43.10 69.20 112.30 OK
r-devel-linux-x86_64-fedora-clang 1.3 190.64 NOTE
r-devel-linux-x86_64-fedora-gcc 1.3 175.21 NOTE
r-devel-windows-x86_64 1.3 51.00 127.00 178.00 OK
r-patched-linux-x86_64 1.3 48.47 86.71 135.18 OK
r-release-linux-x86_64 1.3 42.40 87.00 129.40 OK
r-release-macos-arm64 1.3 49.00 OK
r-release-macos-x86_64 1.3 82.00 OK
r-release-windows-x86_64 1.3 47.00 131.00 178.00 OK
r-oldrel-macos-arm64 1.3 55.00 OK
r-oldrel-macos-x86_64 1.3 83.00 OK
r-oldrel-windows-ix86+x86_64 1.3 134.00 165.00 299.00 OK

Check Details

Version: 1.3
Check: compiled code
Result: NOTE
    File ‘starma/libs/starma.so’:
     Found no calls to: ‘R_registerRoutines’, ‘R_useDynamicSymbols’
    
    It is good practice to register native routines and to disable symbol
    search.
    
    See ‘Writing portable packages’ in the ‘Writing R Extensions’ manual.
Flavors: r-devel-linux-x86_64-fedora-clang, r-devel-linux-x86_64-fedora-gcc