CRAN Package Check Results for Package stabs

Last updated on 2021-11-29 07:51:24 CET.

Flavor Version Tinstall Tcheck Ttotal Status Flags
r-devel-linux-x86_64-debian-clang 0.6-4 NOTE
r-devel-linux-x86_64-debian-gcc 0.6-4 2.53 57.62 60.15 NOTE
r-devel-linux-x86_64-fedora-clang 0.6-4 103.65 NOTE
r-devel-linux-x86_64-fedora-gcc 0.6-4 89.37 NOTE
r-devel-windows-x86_64-new-UL 0.6-4 8.00 86.00 94.00 NOTE
r-devel-windows-x86_64-new-TK 0.6-4 NOTE
r-devel-windows-x86_64-old 0.6-4 5.00 67.00 72.00 NOTE
r-patched-linux-x86_64 0.6-4 3.79 71.25 75.04 NOTE
r-patched-solaris-x86 0.6-4 118.30 NOTE
r-release-linux-x86_64 0.6-4 3.32 69.86 73.18 NOTE
r-release-macos-arm64 0.6-4 NOTE
r-release-macos-x86_64 0.6-4 NOTE
r-release-windows-ix86+x86_64 0.6-4 7.00 46.00 53.00 NOTE
r-oldrel-macos-x86_64 0.6-4 OK
r-oldrel-windows-ix86+x86_64 0.6-4 6.00 69.00 75.00 OK

Check Details

Version: 0.6-4
Check: LazyData
Result: NOTE
     'LazyData' is specified without a 'data' directory
Flavors: r-devel-linux-x86_64-debian-clang, r-devel-linux-x86_64-debian-gcc, r-devel-linux-x86_64-fedora-clang, r-devel-linux-x86_64-fedora-gcc, r-devel-windows-x86_64-new-UL, r-devel-windows-x86_64-new-TK, r-devel-windows-x86_64-old, r-patched-linux-x86_64, r-patched-solaris-x86, r-release-linux-x86_64, r-release-macos-arm64, r-release-macos-x86_64, r-release-windows-ix86+x86_64