CRAN Package Check Results for Package stable

Last updated on 2020-11-26 20:51:51 CET.

Flavor Version Tinstall Tcheck Ttotal Status Flags
r-devel-linux-x86_64-debian-clang 1.1.4 5.13 36.75 41.88 OK
r-devel-linux-x86_64-debian-gcc 1.1.4 3.80 25.73 29.53 OK
r-devel-linux-x86_64-fedora-clang 1.1.4 49.30 NOTE
r-devel-linux-x86_64-fedora-gcc 1.1.4 38.94 NOTE
r-devel-windows-ix86+x86_64 1.1.4 11.00 59.00 70.00 OK
r-patched-linux-x86_64 1.1.4 5.41 33.83 39.24 OK
r-patched-solaris-x86 1.1.4 61.30 NOTE
r-release-linux-x86_64 1.1.4 5.16 32.69 37.85 OK
r-release-macos-x86_64 1.1.4 NOTE
r-release-windows-ix86+x86_64 1.1.4 12.00 61.00 73.00 OK
r-oldrel-macos-x86_64 1.1.4 NOTE
r-oldrel-windows-ix86+x86_64 1.1.4 10.00 55.00 65.00 OK

Check Details

Version: 1.1.4
Check: dependencies in R code
Result: NOTE
    Namespace in Imports field not imported from: ‘stabledist’
     All declared Imports should be used.
Flavors: r-devel-linux-x86_64-fedora-clang, r-devel-linux-x86_64-fedora-gcc, r-patched-solaris-x86, r-release-macos-x86_64, r-oldrel-macos-x86_64