CRAN Package Check Results for Package ssrn

Last updated on 2021-11-28 19:49:07 CET.

Flavor Version Tinstall Tcheck Ttotal Status Flags
r-devel-linux-x86_64-debian-clang 0.1.0 NOTE
r-devel-linux-x86_64-debian-gcc 0.1.0 1.95 23.49 25.44 NOTE
r-devel-linux-x86_64-fedora-clang 0.1.0 49.69 NOTE
r-devel-linux-x86_64-fedora-gcc 0.1.0 37.12 NOTE
r-devel-windows-x86_64-new-UL 0.1.0 7.00 65.00 72.00 NOTE
r-devel-windows-x86_64-new-TK 0.1.0 NOTE
r-devel-windows-x86_64-old 0.1.0 4.00 46.00 50.00 OK
r-patched-linux-x86_64 0.1.0 2.66 26.61 29.27 NOTE
r-patched-solaris-x86 0.1.0 56.10 NOTE
r-release-linux-x86_64 0.1.0 2.20 26.48 28.68 NOTE
r-release-macos-arm64 0.1.0 NOTE
r-release-macos-x86_64 0.1.0 NOTE
r-release-windows-ix86+x86_64 0.1.0 6.00 37.00 43.00 OK
r-oldrel-macos-x86_64 0.1.0 OK
r-oldrel-windows-ix86+x86_64 0.1.0 7.00 48.00 55.00 OK

Check Details

Version: 0.1.0
Check: package dependencies
Result: NOTE
    Package suggested but not available for checking: 'scanstatistics'
Flavors: r-devel-linux-x86_64-debian-clang, r-devel-linux-x86_64-debian-gcc, r-devel-linux-x86_64-fedora-clang, r-devel-linux-x86_64-fedora-gcc, r-devel-windows-x86_64-new-UL, r-devel-windows-x86_64-new-TK, r-patched-linux-x86_64, r-patched-solaris-x86, r-release-linux-x86_64, r-release-macos-arm64, r-release-macos-x86_64