CRAN Package Check Results for Package ssh

Last updated on 2021-10-27 08:56:20 CEST.

Flavor Version Tinstall Tcheck Ttotal Status Flags
r-devel-linux-x86_64-debian-clang 0.8.0 4.60 25.52 30.12 OK
r-devel-linux-x86_64-debian-gcc 0.8.0 3.26 20.55 23.81 OK
r-devel-linux-x86_64-fedora-clang 0.8.0 48.38 OK
r-devel-linux-x86_64-fedora-gcc 0.8.0 38.18 OK
r-devel-windows-x86_64 0.8.0 20.00 45.00 65.00 OK
r-devel-windows-x86_64-gcc10-UCRT 0.8.0 OK
r-patched-linux-x86_64 0.8.0 3.97 24.73 28.70 OK
r-release-linux-x86_64 0.8.0 4.02 24.58 28.60 OK
r-release-macos-arm64 0.8.0 OK
r-release-macos-x86_64 0.8.0 OK
r-release-windows-ix86+x86_64 0.8.0 24.00 81.00 105.00 NOTE
r-oldrel-macos-x86_64 0.8.0 OK
r-oldrel-windows-ix86+x86_64 0.8.0 32.00 87.00 119.00 NOTE

Check Details

Version: 0.8.0
Check: installed package size
Result: NOTE
     installed size is 6.8Mb
     sub-directories of 1Mb or more:
     doc 1.0Mb
     libs 5.6Mb
Flavors: r-release-windows-ix86+x86_64, r-oldrel-windows-ix86+x86_64