Last updated on 2022-08-09 09:53:05 CEST.
Flavor | Version | Tinstall | Tcheck | Ttotal | Status | Flags |
---|---|---|---|---|---|---|
r-devel-linux-x86_64-debian-clang | 0.8.0 | 5.44 | 28.58 | 34.02 | OK | |
r-devel-linux-x86_64-debian-gcc | 0.8.0 | 3.75 | 22.52 | 26.27 | OK | |
r-devel-linux-x86_64-fedora-clang | 0.8.0 | 53.14 | OK | |||
r-devel-linux-x86_64-fedora-gcc | 0.8.0 | 51.87 | OK | |||
r-devel-windows-x86_64 | 0.8.0 | 23.00 | 84.00 | 107.00 | OK | |
r-patched-linux-x86_64 | 0.8.0 | 4.50 | 28.24 | 32.74 | OK | |
r-release-linux-x86_64 | 0.8.0 | OK | ||||
r-release-macos-arm64 | 0.8.0 | 24.00 | OK | |||
r-release-macos-x86_64 | 0.8.0 | 30.00 | OK | |||
r-release-windows-x86_64 | 0.8.0 | 25.00 | 87.00 | 112.00 | OK | |
r-oldrel-macos-arm64 | 0.8.0 | 34.00 | OK | |||
r-oldrel-macos-x86_64 | 0.8.0 | 37.00 | OK | |||
r-oldrel-windows-ix86+x86_64 | 0.8.0 | 36.00 | 83.00 | 119.00 | NOTE |
Version: 0.8.0
Check: installed package size
Result: NOTE
installed size is 6.8Mb
sub-directories of 1Mb or more:
doc 1.0Mb
libs 5.6Mb
Flavor: r-oldrel-windows-ix86+x86_64