Last updated on 2023-06-08 21:52:20 CEST.
Flavor | Version | Tinstall | Tcheck | Ttotal | Status | Flags |
---|---|---|---|---|---|---|
r-devel-linux-x86_64-debian-clang | 1.0.4 | 116.83 | 508.12 | 624.95 | OK | |
r-devel-linux-x86_64-debian-gcc | 1.0.4 | 90.57 | 384.86 | 475.43 | OK | |
r-devel-linux-x86_64-fedora-clang | 1.0.4 | 836.78 | OK | |||
r-devel-linux-x86_64-fedora-gcc | 1.0.4 | 784.33 | OK | |||
r-devel-windows-x86_64 | 1.0.4 | 86.00 | 439.00 | 525.00 | NOTE | |
r-patched-linux-x86_64 | 1.0.4 | 89.91 | 482.34 | 572.25 | OK | |
r-release-linux-x86_64 | 1.0.4 | 81.36 | 490.10 | 571.46 | OK | |
r-release-macos-arm64 | 1.0.4 | 262.00 | NOTE | |||
r-release-macos-x86_64 | 1.0.3 | 585.00 | NOTE | |||
r-release-windows-x86_64 | 1.0.4 | 115.00 | 562.00 | 677.00 | NOTE | |
r-oldrel-macos-arm64 | 1.0.4 | 231.00 | NOTE | |||
r-oldrel-macos-x86_64 | 1.0.4 | 288.00 | NOTE | |||
r-oldrel-windows-x86_64 | 1.0.4 | 105.00 | 542.00 | 647.00 | NOTE |
Version: 1.0.4
Check: installed package size
Result: NOTE
installed size is 16.3Mb
sub-directories of 1Mb or more:
doc 1.2Mb
help 1.0Mb
libs 13.7Mb
Flavors: r-devel-windows-x86_64, r-release-macos-arm64, r-release-windows-x86_64, r-oldrel-macos-arm64, r-oldrel-macos-x86_64, r-oldrel-windows-x86_64
Version: 1.0.3
Check: installed package size
Result: NOTE
installed size is 28.1Mb
sub-directories of 1Mb or more:
doc 1.2Mb
help 1.0Mb
libs 25.5Mb
Flavor: r-release-macos-x86_64