CRAN Package Check Results for Package sptm

Last updated on 2024-02-27 19:54:53 CET.

Flavor Version Tinstall Tcheck Ttotal Status Flags
r-devel-linux-x86_64-debian-clang 2019.11-25 13.81 85.25 99.06 NOTE
r-devel-linux-x86_64-debian-gcc 2019.11-25 9.47 63.94 73.41 NOTE
r-devel-linux-x86_64-fedora-clang 2019.11-25 120.83 NOTE
r-devel-linux-x86_64-fedora-gcc 2019.11-25 126.00 NOTE
r-devel-windows-x86_64 2019.11-25 13.00 92.00 105.00 NOTE
r-patched-linux-x86_64 2019.11-25 11.20 83.60 94.80 NOTE
r-release-linux-x86_64 2019.11-25 12.70 82.99 95.69 NOTE
r-release-macos-arm64 2019.11-25 40.00 NOTE
r-release-macos-x86_64 2019.11-25 66.00 NOTE
r-release-windows-x86_64 2019.11-25 17.00 114.00 131.00 NOTE
r-oldrel-macos-arm64 2019.11-25 36.00 NOTE
r-oldrel-windows-x86_64 2019.11-25 16.00 110.00 126.00 NOTE

Check Details

Version: 2019.11-25
Check: Rd contents
Result: NOTE Argument items with no description in Rd file 'sim.kong.Rd': ‘gamma’ ‘beta’ ‘design’ ‘rho’ ‘seed’ ‘impute’ ‘ppi’ Flavors: r-devel-linux-x86_64-debian-clang, r-devel-linux-x86_64-debian-gcc, r-devel-linux-x86_64-fedora-clang, r-devel-linux-x86_64-fedora-gcc, r-devel-windows-x86_64

Version: 2019.11-25
Check: LazyData
Result: NOTE 'LazyData' is specified without a 'data' directory Flavors: r-devel-linux-x86_64-debian-clang, r-devel-linux-x86_64-debian-gcc, r-devel-linux-x86_64-fedora-clang, r-devel-linux-x86_64-fedora-gcc, r-devel-windows-x86_64, r-patched-linux-x86_64, r-release-linux-x86_64, r-release-macos-arm64, r-release-macos-x86_64, r-release-windows-x86_64, r-oldrel-macos-arm64, r-oldrel-windows-x86_64