Last updated on 2023-06-10 11:51:38 CEST.
Flavor | Version | Tinstall | Tcheck | Ttotal | Status | Flags |
---|---|---|---|---|---|---|
r-devel-linux-x86_64-debian-clang | 1.1.0 | 6.66 | 50.66 | 57.32 | NOTE | |
r-devel-linux-x86_64-debian-gcc | 1.1.0 | 4.71 | 38.55 | 43.26 | NOTE | |
r-devel-linux-x86_64-fedora-clang | 1.1.0 | 74.79 | NOTE | |||
r-devel-linux-x86_64-fedora-gcc | 1.1.0 | 64.77 | NOTE | |||
r-devel-windows-x86_64 | 1.1.0 | 6.00 | 69.00 | 75.00 | NOTE | |
r-patched-linux-x86_64 | 1.1.0 | 8.23 | 47.58 | 55.81 | NOTE | |
r-release-linux-x86_64 | 1.1.0 | 6.15 | 47.28 | 53.43 | NOTE | |
r-release-macos-arm64 | 1.1.0 | 28.00 | NOTE | |||
r-release-macos-x86_64 | 1.1.0 | 38.00 | NOTE | |||
r-release-windows-x86_64 | 1.1.0 | 8.00 | 73.00 | 81.00 | NOTE | |
r-oldrel-macos-arm64 | 1.1.0 | 24.00 | OK | |||
r-oldrel-macos-x86_64 | 1.1.0 | 34.00 | OK | |||
r-oldrel-windows-x86_64 | 1.1.0 | 8.00 | 69.00 | 77.00 | OK |
Version: 1.1.0
Check: Rd files
Result: NOTE
checkRd: (-1) shypEstFun.Rd:52: Escaped LaTeX specials: \$
checkRd: (-1) shypEstFun.Rd:54: Escaped LaTeX specials: \$
Flavors: r-devel-linux-x86_64-debian-clang, r-devel-linux-x86_64-debian-gcc, r-devel-linux-x86_64-fedora-clang, r-devel-linux-x86_64-fedora-gcc, r-devel-windows-x86_64, r-patched-linux-x86_64, r-release-linux-x86_64, r-release-macos-arm64, r-release-macos-x86_64, r-release-windows-x86_64