Last updated on 2023-03-23 07:54:42 CET.
Flavor | Version | Tinstall | Tcheck | Ttotal | Status | Flags |
---|---|---|---|---|---|---|
r-devel-linux-x86_64-debian-clang | 0.1.2 | 22.63 | 389.68 | 412.31 | OK | |
r-devel-linux-x86_64-debian-gcc | 0.1.2 | 19.59 | 281.14 | 300.73 | OK | |
r-devel-linux-x86_64-fedora-clang | 0.1.2 | 513.78 | NOTE | |||
r-devel-linux-x86_64-fedora-gcc | 0.1.2 | 489.70 | NOTE | |||
r-patched-linux-x86_64 | 0.1.2 | 26.19 | 367.72 | 393.91 | OK | |
r-release-linux-x86_64 | 0.1.2 | 16.76 | 368.69 | 385.45 | OK | |
r-release-macos-arm64 | 0.1.2 | 216.00 | NOTE | |||
r-release-macos-x86_64 | 0.1.2 | 333.00 | NOTE | |||
r-release-windows-x86_64 | 0.1.2 | 110.00 | 727.00 | 837.00 | OK | |
r-oldrel-macos-arm64 | 0.1.2 | 205.00 | NOTE | |||
r-oldrel-macos-x86_64 | 0.1.2 | 247.00 | NOTE | |||
r-oldrel-windows-ix86+x86_64 | 0.1.2 | 43.00 | 478.00 | 521.00 | ERROR |
Version: 0.1.2
Check: dependencies in R code
Result: NOTE
Namespaces in Imports field not imported from:
‘lwgeom’ ‘rgeoda’
All declared Imports should be used.
Flavors: r-devel-linux-x86_64-fedora-clang, r-devel-linux-x86_64-fedora-gcc, r-release-macos-arm64, r-release-macos-x86_64, r-oldrel-macos-arm64, r-oldrel-macos-x86_64
Version: 0.1.2
Check: data for non-ASCII characters
Result: NOTE
Note: found 4 marked UTF-8 strings
Flavors: r-devel-linux-x86_64-fedora-clang, r-devel-linux-x86_64-fedora-gcc, r-release-macos-arm64, r-release-macos-x86_64, r-oldrel-macos-arm64, r-oldrel-macos-x86_64
Version: 0.1.2
Check: PDF version of manual
Result: WARN
LaTeX errors when creating PDF version.
This typically indicates Rd problems.
LaTeX errors found:
! Package inputenc Error: Unicode char â<c2><80><c2><90> (U+2010)
(inputenc) not set up for use with LaTeX.
See the inputenc package documentation for explanation.
Type H <return> for immediate help.
! Package inputenc Error: Unicode char â<c2><80><c2><90> (U+2010)
(inputenc) not set up for use with LaTeX.
See the inputenc package documentation for explanation.
Type H <return> for immediate help.
Flavor: r-oldrel-windows-ix86+x86_64
Version: 0.1.2
Check: PDF version of manual without hyperrefs or index
Result: ERROR
Flavor: r-oldrel-windows-ix86+x86_64