CRAN Package Check Results for Package spotGUI

Last updated on 2021-12-01 19:51:51 CET.

Flavor Version Tinstall Tcheck Ttotal Status Flags
r-devel-linux-x86_64-debian-clang 0.2.3 15.22 142.44 157.66 OK
r-devel-linux-x86_64-debian-gcc 0.2.3 12.69 110.34 123.03 OK
r-devel-linux-x86_64-fedora-clang 0.2.3 200.13 NOTE
r-devel-linux-x86_64-fedora-gcc 0.2.3 188.23 NOTE
r-devel-windows-x86_64-new-UL 0.2.3 31.00 199.00 230.00 OK
r-devel-windows-x86_64-new-TK 0.2.3 NOTE
r-devel-windows-x86_64-old 0.2.3 25.00 123.00 148.00 OK
r-patched-linux-x86_64 0.2.3 14.39 125.83 140.22 OK
r-patched-solaris-x86 0.2.3 250.60 NOTE
r-release-linux-x86_64 0.2.3 15.84 122.50 138.34 OK
r-release-macos-arm64 0.2.3 NOTE
r-release-macos-x86_64 0.2.3 NOTE
r-release-windows-ix86+x86_64 0.2.3 39.00 109.00 148.00 OK
r-oldrel-macos-x86_64 0.2.3 NOTE
r-oldrel-windows-ix86+x86_64 0.2.3 25.00 115.00 140.00 OK

Check Details

Version: 0.2.3
Check: dependencies in R code
Result: NOTE
    Namespace in Imports field not imported from: ‘batchtools’
     All declared Imports should be used.
Flavors: r-devel-linux-x86_64-fedora-clang, r-devel-linux-x86_64-fedora-gcc, r-devel-windows-x86_64-new-TK, r-patched-solaris-x86, r-release-macos-arm64, r-release-macos-x86_64, r-oldrel-macos-x86_64