CRAN Package Check Results for Package sport

Last updated on 2019-08-23 10:48:25 CEST.

Flavor Version Tinstall Tcheck Ttotal Status Flags
r-devel-linux-x86_64-debian-clang 0.1.2 40.51 180.94 221.45 OK
r-devel-linux-x86_64-debian-gcc 0.1.2 34.57 135.53 170.10 OK
r-devel-linux-x86_64-fedora-clang 0.1.2 266.30 NOTE
r-devel-linux-x86_64-fedora-gcc 0.1.2 297.19 NOTE
r-devel-windows-ix86+x86_64 0.1.2 99.00 195.00 294.00 OK
r-patched-linux-x86_64 0.1.2 40.36 174.35 214.71 OK
r-patched-solaris-x86 0.1.2 328.30 NOTE
r-release-linux-x86_64 0.1.2 40.14 172.93 213.07 OK
r-release-windows-ix86+x86_64 0.1.2 121.00 248.00 369.00 OK
r-release-osx-x86_64 0.1.2 NOTE
r-oldrel-windows-ix86+x86_64 0.1.2 110.00 288.00 398.00 OK
r-oldrel-osx-x86_64 0.1.2 NOTE

Check Details

Version: 0.1.2
Check: data for non-ASCII characters
Result: NOTE
     Note: found 6863 marked UTF-8 strings
Flavors: r-devel-linux-x86_64-fedora-clang, r-devel-linux-x86_64-fedora-gcc, r-patched-solaris-x86, r-release-osx-x86_64, r-oldrel-osx-x86_64