CRAN Package Check Results for Package sport

Last updated on 2020-01-25 08:50:16 CET.

Flavor Version Tinstall Tcheck Ttotal Status Flags
r-devel-linux-x86_64-debian-clang 0.2.0 28.06 89.86 117.92 OK
r-devel-linux-x86_64-debian-gcc 0.2.0 21.50 67.42 88.92 OK
r-devel-linux-x86_64-fedora-clang 0.2.0 143.33 NOTE
r-devel-linux-x86_64-fedora-gcc 0.2.0 141.84 NOTE
r-devel-windows-ix86+x86_64 0.2.0 60.00 206.00 266.00 OK
r-devel-windows-ix86+x86_64-gcc8 0.2.0 86.00 170.00 256.00 OK
r-patched-linux-x86_64 0.2.0 24.52 77.74 102.26 OK
r-patched-solaris-x86 0.2.0 149.40 NOTE
r-release-linux-x86_64 0.2.0 23.74 77.49 101.23 OK
r-release-windows-ix86+x86_64 0.2.0 54.00 185.00 239.00 OK
r-release-osx-x86_64 0.2.0 NOTE
r-oldrel-windows-ix86+x86_64 0.2.0 46.00 122.00 168.00 OK
r-oldrel-osx-x86_64 0.2.0 NOTE

Check Details

Version: 0.2.0
Check: data for non-ASCII characters
Result: NOTE
     Note: found 7587 marked UTF-8 strings
Flavors: r-devel-linux-x86_64-fedora-clang, r-devel-linux-x86_64-fedora-gcc, r-patched-solaris-x86, r-release-osx-x86_64, r-oldrel-osx-x86_64