CRAN Package Check Results for Package splithalfr

Last updated on 2021-09-22 08:50:32 CEST.

Flavor Version Tinstall Tcheck Ttotal Status Flags
r-devel-linux-x86_64-debian-clang 2.1.1 6.27 69.02 75.29 OK
r-devel-linux-x86_64-debian-gcc 2.1.1 4.91 51.62 56.53 OK
r-devel-linux-x86_64-fedora-clang 2.1.1 96.68 OK
r-devel-linux-x86_64-fedora-gcc 2.1.1 86.23 OK
r-devel-windows-x86_64 2.1.1 9.00 79.00 88.00 OK
r-devel-windows-x86_64-gcc10-UCRT 2.1.1 ERROR
r-patched-linux-x86_64 2.1.1 6.42 72.83 79.25 OK
r-patched-solaris-x86 2.1.1 136.80 OK
r-release-linux-x86_64 2.1.1 6.05 72.22 78.27 OK
r-release-macos-arm64 2.1.1 OK
r-release-macos-x86_64 2.1.1 OK
r-release-windows-ix86+x86_64 2.1.1 16.00 77.00 93.00 OK
r-oldrel-macos-x86_64 2.1.1 OK
r-oldrel-windows-ix86+x86_64 2.1.1 12.00 76.00 88.00 OK

Check Details

Version: 2.1.1
Check: PDF version of manual
Result: WARN
    LaTeX errors when creating PDF version.
    This typically indicates Rd problems.
Flavor: r-devel-windows-x86_64-gcc10-UCRT

Version: 2.1.1
Check: PDF version of manual without hyperrefs or index
Result: ERROR
    Re-running with no redirection of stdout/stderr.
Flavor: r-devel-windows-x86_64-gcc10-UCRT