CRAN Package Check Results for Package spiritR

Last updated on 2021-12-09 07:50:26 CET.

Flavor Version Tinstall Tcheck Ttotal Status Flags
r-devel-linux-x86_64-debian-clang 0.1.1 2.73 33.28 36.01 NOTE
r-devel-linux-x86_64-debian-gcc 0.1.1 2.05 26.41 28.46 NOTE
r-devel-linux-x86_64-fedora-clang 0.1.1 45.00 NOTE
r-devel-linux-x86_64-fedora-gcc 0.1.1 35.33 NOTE
r-devel-windows-x86_64-new-UL 0.1.1 8.00 65.00 73.00 NOTE
r-devel-windows-x86_64-new-TK 0.1.1 NOTE
r-devel-windows-x86_64-old 0.1.1 5.00 34.00 39.00 NOTE
r-patched-linux-x86_64 0.1.1 2.70 32.06 34.76 NOTE
r-release-linux-x86_64 0.1.1 2.17 32.00 34.17 NOTE
r-release-macos-arm64 0.1.1 NOTE
r-release-macos-x86_64 0.1.1 NOTE
r-release-windows-ix86+x86_64 0.1.1 4.00 43.00 47.00 NOTE
r-oldrel-macos-x86_64 0.1.1 OK
r-oldrel-windows-ix86+x86_64 0.1.1 5.00 44.00 49.00 OK

Check Details

Version: 0.1.1
Check: LazyData
Result: NOTE
     'LazyData' is specified without a 'data' directory
Flavors: r-devel-linux-x86_64-debian-clang, r-devel-linux-x86_64-debian-gcc, r-devel-linux-x86_64-fedora-clang, r-devel-linux-x86_64-fedora-gcc, r-devel-windows-x86_64-new-UL, r-devel-windows-x86_64-new-TK, r-devel-windows-x86_64-old, r-patched-linux-x86_64, r-release-linux-x86_64, r-release-macos-arm64, r-release-macos-x86_64, r-release-windows-ix86+x86_64