CRAN Package Check Results for Package sphet

Last updated on 2024-02-29 19:12:36 CET.

Flavor Version Tinstall Tcheck Ttotal Status Flags
r-devel-linux-x86_64-debian-clang 2.0 18.12 198.65 216.77 OK
r-devel-linux-x86_64-debian-gcc 2.0 17.11 146.94 164.05 OK
r-devel-linux-x86_64-fedora-clang 2.0 264.50 NOTE
r-devel-linux-x86_64-fedora-gcc 2.0 276.28 NOTE
r-devel-windows-x86_64 2.0 19.00 171.00 190.00 OK
r-patched-linux-x86_64 2.0 19.40 194.47 213.87 OK
r-release-linux-x86_64 2.0 20.91 191.00 211.91 OK
r-release-macos-arm64 2.0 88.00 OK
r-release-macos-x86_64 2.0 153.00 OK
r-release-windows-x86_64 2.0 26.00 204.00 230.00 OK
r-oldrel-macos-arm64 2.0 132.00 NOTE
r-oldrel-windows-x86_64 2.0 26.00 205.00 231.00 OK

Check Details

Version: 2.0
Check: dependencies in R code
Result: NOTE Namespaces in Imports field not imported from: ‘sf’ ‘spData’ All declared Imports should be used. Flavors: r-devel-linux-x86_64-fedora-clang, r-devel-linux-x86_64-fedora-gcc, r-oldrel-macos-arm64