CRAN Package Check Results for Package sphereplot

Last updated on 2021-12-04 07:50:35 CET.

Flavor Version Tinstall Tcheck Ttotal Status Flags
r-devel-linux-x86_64-debian-clang 1.5 3.35 43.85 47.20 NOTE
r-devel-linux-x86_64-debian-gcc 1.5 2.30 34.72 37.02 NOTE
r-devel-linux-x86_64-fedora-clang 1.5 58.35 NOTE
r-devel-linux-x86_64-fedora-gcc 1.5 47.68 NOTE
r-devel-windows-x86_64-new-UL 1.5 8.00 80.00 88.00 NOTE
r-devel-windows-x86_64-new-TK 1.5 NOTE
r-devel-windows-x86_64-old 1.5 5.00 40.00 45.00 NOTE
r-patched-linux-x86_64 1.5 3.66 34.62 38.28 NOTE
r-release-linux-x86_64 1.5 3.05 34.68 37.73 NOTE
r-release-macos-arm64 1.5 NOTE
r-release-macos-x86_64 1.5 NOTE
r-release-windows-ix86+x86_64 1.5 7.00 56.00 63.00 NOTE
r-oldrel-macos-x86_64 1.5 NOTE
r-oldrel-windows-ix86+x86_64 1.5 8.00 50.00 58.00 NOTE

Check Details

Version: 1.5
Check: dependencies in R code
Result: NOTE
    Package in Depends field not imported from: 'rgl'
     These packages need to be imported from (in the NAMESPACE file)
     for when this namespace is loaded but not attached.
Flavors: r-devel-linux-x86_64-debian-clang, r-devel-linux-x86_64-debian-gcc, r-devel-linux-x86_64-fedora-clang, r-devel-linux-x86_64-fedora-gcc, r-devel-windows-x86_64-new-UL, r-devel-windows-x86_64-new-TK, r-devel-windows-x86_64-old, r-patched-linux-x86_64, r-release-linux-x86_64, r-release-macos-arm64, r-release-macos-x86_64, r-release-windows-ix86+x86_64, r-oldrel-macos-x86_64, r-oldrel-windows-ix86+x86_64

Version: 1.5
Check: R code for possible problems
Result: NOTE
    pointsphere: no visible global function definition for 'runif'
    rgl.sphMW: no visible global function definition for 'plot3d'
    rgl.sphcirc: no visible global function definition for 'rotate3d'
    rgl.sphcirc: no visible global function definition for 'lines3d'
    rgl.sphgrid: no visible global function definition for 'open3d'
    rgl.sphgrid: no visible global function definition for 'plot3d'
    rgl.sphgrid: no visible global function definition for 'lines3d'
    rgl.sphgrid: no visible global function definition for 'text3d'
    rgl.sphpoints: no visible global function definition for 'points3d'
    rgl.sphsun: no visible global function definition for 'plot3d'
    rgl.sphtext: no visible global function definition for 'text3d'
    Undefined global functions or variables:
     lines3d open3d plot3d points3d rotate3d runif text3d
    Consider adding
     importFrom("stats", "runif")
    to your NAMESPACE file.
Flavors: r-devel-linux-x86_64-debian-clang, r-devel-linux-x86_64-debian-gcc, r-devel-linux-x86_64-fedora-clang, r-devel-linux-x86_64-fedora-gcc, r-devel-windows-x86_64-new-UL, r-devel-windows-x86_64-new-TK, r-devel-windows-x86_64-old, r-patched-linux-x86_64, r-release-linux-x86_64, r-release-macos-arm64, r-release-macos-x86_64, r-release-windows-ix86+x86_64, r-oldrel-macos-x86_64, r-oldrel-windows-ix86+x86_64