CRAN Package Check Results for Package spflow

Last updated on 2024-02-28 19:49:49 CET.

Flavor Version Tinstall Tcheck Ttotal Status Flags
r-devel-linux-x86_64-debian-clang 0.1.0 14.57 112.71 127.28 NOTE
r-devel-linux-x86_64-debian-gcc 0.1.0 10.15 84.73 94.88 NOTE
r-devel-linux-x86_64-fedora-clang 0.1.0 154.25 NOTE
r-devel-linux-x86_64-fedora-gcc 0.1.0 164.10 NOTE
r-devel-windows-x86_64 0.1.0 11.00 110.00 121.00 NOTE
r-patched-linux-x86_64 0.1.0 12.51 109.63 122.14 OK
r-release-linux-x86_64 0.1.0 15.47 110.83 126.30 OK
r-release-macos-arm64 0.1.0 52.00 OK
r-release-macos-x86_64 0.1.0 89.00 OK
r-release-windows-x86_64 0.1.0 15.00 119.00 134.00 OK
r-oldrel-macos-arm64 0.1.0 48.00 OK
r-oldrel-windows-x86_64 0.1.0 17.00 122.00 139.00 OK

Check Details

Version: 0.1.0
Check: Rd files
Result: NOTE checkRd: (-1) moment_empirical_var.Rd:15: Lost braces; missing escapes or markup? 15 | {alpha, alpha_I, beta, gamma}. | ^ Flavors: r-devel-linux-x86_64-debian-clang, r-devel-linux-x86_64-debian-gcc, r-devel-linux-x86_64-fedora-clang, r-devel-linux-x86_64-fedora-gcc

Version: 0.1.0
Check: Rd \usage sections
Result: NOTE Objects in \usage without \alias in Rd file 'add_details.Rd': ‘\S4method{add_details}{spflow_model}’ Functions with \usage entries need to have the appropriate \alias entries, and all their arguments documented. The \usage entries must correspond to syntactically valid R code. See chapter ‘Writing R documentation files’ in the ‘Writing R Extensions’ manual. Flavors: r-devel-linux-x86_64-debian-clang, r-devel-linux-x86_64-debian-gcc, r-devel-linux-x86_64-fedora-clang, r-devel-linux-x86_64-fedora-gcc, r-devel-windows-x86_64