CRAN Package Check Results for Package spelling

Last updated on 2022-01-22 07:52:58 CET.

Flavor Version Tinstall Tcheck Ttotal Status Flags
r-devel-linux-x86_64-debian-clang 2.2 2.67 31.63 34.30 NOTE
r-devel-linux-x86_64-debian-gcc 2.2 2.02 25.14 27.16 NOTE
r-devel-linux-x86_64-fedora-clang 2.2 43.16 NOTE
r-devel-linux-x86_64-fedora-gcc 2.2 31.12 NOTE
r-devel-windows-x86_64-new-UL 2.2 21.00 50.00 71.00 NOTE
r-devel-windows-x86_64-new-TK 2.2 NOTE
r-patched-linux-x86_64 2.2 2.59 31.09 33.68 NOTE
r-release-linux-x86_64 2.2 2.40 30.56 32.96 NOTE
r-release-macos-arm64 2.2 NOTE
r-release-macos-x86_64 2.2 NOTE
r-release-windows-ix86+x86_64 2.2 5.00 40.00 45.00 NOTE
r-oldrel-macos-x86_64 2.2 OK
r-oldrel-windows-ix86+x86_64 2.2 6.00 39.00 45.00 OK

Check Details

Version: 2.2
Check: LazyData
Result: NOTE
     'LazyData' is specified without a 'data' directory
Flavors: r-devel-linux-x86_64-debian-clang, r-devel-linux-x86_64-debian-gcc, r-devel-linux-x86_64-fedora-clang, r-devel-linux-x86_64-fedora-gcc, r-devel-windows-x86_64-new-UL, r-devel-windows-x86_64-new-TK, r-patched-linux-x86_64, r-release-linux-x86_64, r-release-macos-arm64, r-release-macos-x86_64, r-release-windows-ix86+x86_64