CRAN Package Check Results for Package spectralAnalysis

Last updated on 2021-11-28 07:50:57 CET.

Flavor Version Tinstall Tcheck Ttotal Status Flags
r-devel-linux-x86_64-debian-clang 3.12.0 NOTE
r-devel-linux-x86_64-debian-gcc 3.12.0 12.67 98.59 111.26 NOTE
r-devel-linux-x86_64-fedora-clang 3.12.0 184.50 NOTE
r-devel-linux-x86_64-fedora-gcc 3.12.0 172.55 NOTE
r-devel-windows-x86_64-new-UL 3.12.0 53.00 180.00 233.00 NOTE
r-devel-windows-x86_64-new-TK 3.12.0 NOTE
r-devel-windows-x86_64-old 3.12.0 25.00 169.00 194.00 NOTE
r-patched-linux-x86_64 3.12.0 17.60 124.67 142.27 NOTE
r-patched-solaris-x86 3.12.0 253.60 NOTE
r-release-linux-x86_64 3.12.0 18.70 125.91 144.61 NOTE
r-release-macos-arm64 3.12.0 NOTE
r-release-macos-x86_64 3.12.0 NOTE
r-release-windows-ix86+x86_64 3.12.0 38.00 113.00 151.00 NOTE
r-oldrel-macos-x86_64 3.12.0 OK
r-oldrel-windows-ix86+x86_64 3.12.0 38.00 174.00 212.00 OK

Check Details

Version: 3.12.0
Check: LazyData
Result: NOTE
     'LazyData' is specified without a 'data' directory
Flavors: r-devel-linux-x86_64-debian-clang, r-devel-linux-x86_64-debian-gcc, r-devel-linux-x86_64-fedora-clang, r-devel-linux-x86_64-fedora-gcc, r-devel-windows-x86_64-new-UL, r-devel-windows-x86_64-new-TK, r-devel-windows-x86_64-old, r-patched-linux-x86_64, r-patched-solaris-x86, r-release-linux-x86_64, r-release-macos-arm64, r-release-macos-x86_64, r-release-windows-ix86+x86_64