CRAN Package Check Results for Package specmine

Last updated on 2020-11-28 19:47:14 CET.

Flavor Version Tinstall Tcheck Ttotal Status Flags
r-devel-linux-x86_64-debian-clang 3.0.2 89.71 225.26 314.97 NOTE
r-devel-linux-x86_64-debian-gcc 3.0.2 79.84 183.27 263.11 NOTE
r-devel-linux-x86_64-fedora-clang 3.0.2 412.01 NOTE
r-devel-linux-x86_64-fedora-gcc 3.0.2 401.88 NOTE
r-devel-windows-ix86+x86_64 3.0.2 159.00 305.00 464.00 NOTE
r-patched-linux-x86_64 3.0.2 2.61 6.32 8.93 ERROR
r-release-linux-x86_64 3.0.2 2.37 10.50 12.87 ERROR
r-release-macos-x86_64 3.0.2 NOTE
r-release-windows-ix86+x86_64 3.0.2 113.00 224.00 337.00 NOTE
r-oldrel-macos-x86_64 3.0.2 ERROR

Check Details

Version: 3.0.2
Check: package dependencies
Result: NOTE
    Packages suggested but not available for checking:
     'MAIT', 'xcms', 'rcytoscapejs'
Flavors: r-devel-linux-x86_64-debian-clang, r-devel-linux-x86_64-fedora-clang

Version: 3.0.2
Check: package dependencies
Result: NOTE
    Package suggested but not available for checking: ‘rcytoscapejs’
Flavors: r-devel-linux-x86_64-debian-gcc, r-devel-windows-ix86+x86_64, r-release-windows-ix86+x86_64

Version: 3.0.2
Check: dependencies in R code
Result: NOTE
    Namespace in Imports field not imported from: ‘e1071’
     All declared Imports should be used.
Flavors: r-devel-linux-x86_64-fedora-clang, r-devel-linux-x86_64-fedora-gcc, r-release-macos-x86_64

Version: 3.0.2
Check: package dependencies
Result: NOTE
    Packages suggested but not available for checking: 'MAIT', 'rcytoscapejs'
Flavors: r-devel-linux-x86_64-fedora-gcc, r-oldrel-macos-x86_64

Version: 3.0.2
Check: package dependencies
Result: ERROR
    Package required but not available: ‘speaq’
    
    Packages suggested but not available for checking:
     'MAIT', 'xcms', 'rcytoscapejs'
    
    See section ‘The DESCRIPTION file’ in the ‘Writing R Extensions’
    manual.
Flavors: r-patched-linux-x86_64, r-release-linux-x86_64

Version: 3.0.2
Check: package dependencies
Result: NOTE
    Packages suggested but not available for checking:
     'MAIT', 'KEGGgraph', 'KEGGREST', 'rcytoscapejs'
Flavor: r-release-macos-x86_64

Version: 3.0.2
Check: whether package can be installed
Result: ERROR
    Installation failed.
Flavor: r-oldrel-macos-x86_64