CRAN Package Check Results for Package spdep

Last updated on 2022-01-22 07:52:58 CET.

Flavor Version Tinstall Tcheck Ttotal Status Flags
r-devel-linux-x86_64-debian-clang 1.2-1 39.09 436.71 475.80 OK
r-devel-linux-x86_64-debian-gcc 1.2-1 33.86 328.83 362.69 OK
r-devel-linux-x86_64-fedora-clang 1.2-1 607.29 NOTE
r-devel-linux-x86_64-fedora-gcc 1.2-1 564.12 OK
r-devel-windows-x86_64-new-UL 1.2-1 149.00 502.00 651.00 NOTE
r-devel-windows-x86_64-new-TK 1.2-1 OK
r-patched-linux-x86_64 1.2-1 40.78 453.72 494.50 OK
r-release-linux-x86_64 1.2-1 40.41 444.59 485.00 OK
r-release-macos-arm64 1.2-1 NOTE
r-release-macos-x86_64 1.2-1 NOTE
r-release-windows-ix86+x86_64 1.2-1 96.00 757.00 853.00 NOTE
r-oldrel-macos-x86_64 1.1-13 NOTE
r-oldrel-windows-ix86+x86_64 1.2-1 100.00 766.00 866.00 NOTE

Check Details

Version: 1.2-1
Check: installed package size
Result: NOTE
     installed size is 8.5Mb
     sub-directories of 1Mb or more:
     doc 5.8Mb
     etc 1.4Mb
Flavors: r-devel-linux-x86_64-fedora-clang, r-devel-windows-x86_64-new-UL, r-release-macos-arm64, r-release-macos-x86_64, r-release-windows-ix86+x86_64, r-oldrel-windows-ix86+x86_64

Version: 1.1-13
Check: installed package size
Result: NOTE
     installed size is 10.5Mb
     sub-directories of 1Mb or more:
     R 1.3Mb
     doc 7.0Mb
     etc 1.3Mb
Flavor: r-oldrel-macos-x86_64