Last updated on 2022-08-08 21:53:25 CEST.
Flavor | Version | Tinstall | Tcheck | Ttotal | Status | Flags |
---|---|---|---|---|---|---|
r-devel-linux-x86_64-debian-clang | 2.2-0 | 10.55 | 86.29 | 96.84 | NOTE | |
r-devel-linux-x86_64-debian-gcc | 2.2-0 | 8.15 | 66.90 | 75.05 | NOTE | |
r-devel-linux-x86_64-fedora-clang | 2.2-0 | 123.38 | NOTE | |||
r-devel-linux-x86_64-fedora-gcc | 2.2-0 | 121.30 | NOTE | |||
r-devel-windows-x86_64 | 2.2-0 | 113.00 | 119.00 | 232.00 | NOTE | |
r-patched-linux-x86_64 | 2.2-0 | 9.99 | 84.56 | 94.55 | OK | |
r-release-linux-x86_64 | 2.2-0 | OK | ||||
r-release-macos-arm64 | 2.2-0 | 34.00 | OK | |||
r-release-macos-x86_64 | 2.2-0 | 54.00 | OK | |||
r-release-windows-x86_64 | 2.2-0 | 149.00 | 116.00 | 265.00 | OK | |
r-oldrel-macos-arm64 | 2.2-0 | 31.00 | OK | |||
r-oldrel-macos-x86_64 | 2.2-0 | 59.00 | OK | |||
r-oldrel-windows-ix86+x86_64 | 2.2-0 | 20.00 | 114.00 | 134.00 | OK |
Version: 2.2-0
Check: Rd files
Result: NOTE
checkRd: (-1) ants.Rd:12: Escaped LaTeX specials: \&
checkRd: (-1) ants.Rd:26: Escaped LaTeX specials: \&
checkRd: (-1) ants.Rd:36: Escaped LaTeX specials: \& \&
checkRd: (-1) ants.Rd:38: Escaped LaTeX specials: \&
checkRd: (-1) ants.Rd:40: Escaped LaTeX specials: \&
checkRd: (-1) ants.Rd:55: Escaped LaTeX specials: \&
checkRd: (-1) ants.Rd:124: Escaped LaTeX specials: \&
Flavors: r-devel-linux-x86_64-debian-clang, r-devel-linux-x86_64-debian-gcc, r-devel-linux-x86_64-fedora-clang, r-devel-linux-x86_64-fedora-gcc, r-devel-windows-x86_64