CRAN Package Check Results for Package spatstat.data

Last updated on 2021-09-22 08:50:32 CEST.

Flavor Version Tinstall Tcheck Ttotal Status Flags
r-devel-linux-x86_64-debian-clang 2.1-0 9.37 77.36 86.73 OK
r-devel-linux-x86_64-debian-gcc 2.1-0 7.84 60.26 68.10 OK
r-devel-linux-x86_64-fedora-clang 2.1-0 111.54 OK
r-devel-linux-x86_64-fedora-gcc 2.1-0 102.90 OK
r-devel-windows-x86_64 2.1-0 10.00 82.00 92.00 OK
r-devel-windows-x86_64-gcc10-UCRT 2.1-0 ERROR
r-patched-linux-x86_64 2.1-0 8.95 74.79 83.74 OK
r-patched-solaris-x86 2.1-0 152.60 OK
r-release-linux-x86_64 2.1-0 9.03 75.85 84.88 OK
r-release-macos-arm64 2.1-0 OK
r-release-macos-x86_64 2.1-0 OK
r-release-windows-ix86+x86_64 2.1-0 19.00 81.00 100.00 OK
r-oldrel-macos-x86_64 2.1-0 OK
r-oldrel-windows-ix86+x86_64 2.1-0 17.00 80.00 97.00 OK

Check Details

Version: 2.1-0
Check: PDF version of manual
Result: WARN
    LaTeX errors when creating PDF version.
    This typically indicates Rd problems.
Flavor: r-devel-windows-x86_64-gcc10-UCRT

Version: 2.1-0
Check: PDF version of manual without hyperrefs or index
Result: ERROR
    Re-running with no redirection of stdout/stderr.
Flavor: r-devel-windows-x86_64-gcc10-UCRT