CRAN Package Check Results for Package spatstat.Knet

Last updated on 2022-10-01 11:49:40 CEST.

Flavor Version Tinstall Tcheck Ttotal Status Flags
r-devel-linux-x86_64-debian-clang 2.0-1 11.03 105.72 116.75 NOTE
r-devel-linux-x86_64-debian-gcc 2.0-1 9.51 78.25 87.76 NOTE
r-devel-linux-x86_64-fedora-clang 2.0-1 154.84 NOTE
r-devel-linux-x86_64-fedora-gcc 2.0-1 149.71 NOTE
r-devel-windows-x86_64 2.0-1 27.00 125.00 152.00 NOTE
r-patched-linux-x86_64 2.0-1 9.52 102.08 111.60 NOTE
r-release-linux-x86_64 2.0-1 7.77 102.95 110.72 NOTE
r-release-macos-arm64 2.0-1 42.00 NOTE
r-release-macos-x86_64 2.0-1 79.00 NOTE
r-release-windows-x86_64 2.0-1 22.00 125.00 147.00 NOTE
r-oldrel-macos-arm64 2.0-1 39.00 NOTE
r-oldrel-macos-x86_64 2.0-1 60.00 NOTE
r-oldrel-windows-ix86+x86_64 2.0-1 31.00 174.00 205.00 NOTE

Check Details

Version: 2.0-1
Check: package dependencies
Result: NOTE
    Depends: includes the non-default packages:
     'spatstat.data', 'spatstat.sparse', 'spatstat.geom',
     'spatstat.random', 'spatstat.core', 'spatstat.linnet', 'spatstat'
    Adding so many packages to the search path is excessive and importing
    selectively is preferable.
Flavors: r-devel-linux-x86_64-debian-clang, r-devel-linux-x86_64-debian-gcc, r-devel-linux-x86_64-fedora-clang, r-devel-linux-x86_64-fedora-gcc, r-devel-windows-x86_64, r-patched-linux-x86_64, r-release-linux-x86_64, r-release-macos-arm64, r-release-macos-x86_64, r-release-windows-x86_64, r-oldrel-macos-arm64, r-oldrel-macos-x86_64, r-oldrel-windows-ix86+x86_64