CRAN Package Check Results for Package spatialwarnings

Last updated on 2024-02-23 19:49:00 CET.

Flavor Version Tinstall Tcheck Ttotal Status Flags
r-devel-linux-x86_64-debian-clang 3.0.3 NOTE
r-devel-linux-x86_64-debian-gcc 3.0.3 112.25 184.77 297.02 NOTE
r-devel-linux-x86_64-fedora-clang 3.0.3 518.59 OK
r-devel-linux-x86_64-fedora-gcc 3.0.3 506.90 OK
r-devel-windows-x86_64 3.0.3 117.00 262.00 379.00 OK
r-patched-linux-x86_64 3.0.3 148.86 241.51 390.37 OK
r-release-linux-x86_64 3.0.3 145.70 246.86 392.56 OK
r-release-macos-arm64 3.0.3 154.00 OK
r-release-macos-x86_64 3.0.3 253.00 OK
r-release-windows-x86_64 3.0.3 145.00 316.00 461.00 OK
r-oldrel-macos-arm64 3.0.3 140.00 OK
r-oldrel-windows-x86_64 3.0.3 139.00 292.00 431.00 OK

Check Details

Version: 3.0.3
Check: Rd files
Result: NOTE checkRd: (-1) pl_fit.Rd:75: Lost braces in \itemize; meant \describe ? checkRd: (-1) pl_fit.Rd:76-77: Lost braces in \itemize; meant \describe ? checkRd: (-1) pl_fit.Rd:78-79: Lost braces in \itemize; meant \describe ? checkRd: (-1) pl_fit.Rd:28: Lost braces in \itemize; \value handles \item{}{} directly checkRd: (-1) pl_fit.Rd:29-30: Lost braces in \itemize; \value handles \item{}{} directly checkRd: (-1) pl_fit.Rd:31: Lost braces in \itemize; \value handles \item{}{} directly checkRd: (-1) pl_fit.Rd:32: Lost braces in \itemize; \value handles \item{}{} directly checkRd: (-1) pl_fit.Rd:33: Lost braces in \itemize; \value handles \item{}{} directly checkRd: (-1) pl_fit.Rd:39: Lost braces in \itemize; \value handles \item{}{} directly checkRd: (-1) pl_fit.Rd:40-41: Lost braces in \itemize; \value handles \item{}{} directly checkRd: (-1) pl_fit.Rd:42: Lost braces in \itemize; \value handles \item{}{} directly checkRd: (-1) pl_fit.Rd:43: Lost braces in \itemize; \value handles \item{}{} directly checkRd: (-1) simple_sews.Rd:40-42: Lost braces in \itemize; meant \describe ? checkRd: (-1) simple_sews.Rd:43: Lost braces in \itemize; meant \describe ? checkRd: (-1) simple_sews.Rd:44-46: Lost braces in \itemize; meant \describe ? checkRd: (-1) simple_sews.Rd:47-48: Lost braces in \itemize; meant \describe ? checkRd: (-1) simple_sews.Rd:49-50: Lost braces in \itemize; meant \describe ? checkRd: (-1) simple_sews.Rd:57-59: Lost braces in \itemize; meant \describe ? checkRd: (-1) simple_sews.Rd:60: Lost braces in \itemize; meant \describe ? checkRd: (-1) simple_sews.Rd:61: Lost braces in \itemize; meant \describe ? checkRd: (-1) simple_sews.Rd:62-64: Lost braces in \itemize; meant \describe ? checkRd: (-1) simple_sews.Rd:65-67: Lost braces in \itemize; meant \describe ? checkRd: (-1) simple_sews.Rd:68-69: Lost braces in \itemize; meant \describe ? checkRd: (-1) simple_sews.Rd:70-71: Lost braces in \itemize; meant \describe ? checkRd: (-1) simple_sews.Rd:72-73: Lost braces in \itemize; meant \describe ? checkRd: (-1) simple_sews.Rd:74: Lost braces in \itemize; meant \describe ? checkRd: (-1) simple_sews.Rd:75-76: Lost braces in \itemize; meant \describe ? checkRd: (-1) simple_sews.Rd:77-79: Lost braces in \itemize; meant \describe ? Flavors: r-devel-linux-x86_64-debian-clang, r-devel-linux-x86_64-debian-gcc