CRAN Package Check Results for Package sparseinv

Last updated on 2023-10-03 09:08:30 CEST.

Flavor Version Tinstall Tcheck Ttotal Status Flags
r-devel-linux-x86_64-debian-clang 0.1.3 30.43 92.78 123.21 NOTE
r-devel-linux-x86_64-debian-gcc 0.1.3 23.01 70.57 93.58 NOTE
r-devel-linux-x86_64-fedora-clang 0.1.3 162.02 NOTE
r-devel-linux-x86_64-fedora-gcc 0.1.3 156.95 NOTE
r-devel-windows-x86_64 0.1.3 30.00 99.00 129.00 NOTE
r-patched-linux-x86_64 0.1.3 33.05 89.59 122.64 NOTE
r-release-linux-x86_64 0.1.3 34.16 90.52 124.68 NOTE
r-release-macos-arm64 0.1.3 49.00 NOTE
r-release-macos-x86_64 0.1.3 76.00 NOTE
r-release-windows-x86_64 0.1.3 37.00 119.00 156.00 NOTE
r-oldrel-macos-arm64 0.1.3 47.00 NOTE
r-oldrel-macos-x86_64 0.1.3 60.00 NOTE
r-oldrel-windows-x86_64 0.1.3 36.00 118.00 154.00 NOTE

Check Details

Version: 0.1.3
Check: LazyData
Result: NOTE
     'LazyData' is specified without a 'data' directory
Flavors: r-devel-linux-x86_64-debian-clang, r-devel-linux-x86_64-debian-gcc, r-devel-linux-x86_64-fedora-clang, r-devel-linux-x86_64-fedora-gcc, r-devel-windows-x86_64, r-patched-linux-x86_64, r-release-linux-x86_64, r-release-macos-arm64, r-release-macos-x86_64, r-release-windows-x86_64, r-oldrel-macos-arm64, r-oldrel-macos-x86_64, r-oldrel-windows-x86_64