CRAN Package Check Results for Package sparseDFM

Last updated on 2024-03-02 07:50:16 CET.

Flavor Version Tinstall Tcheck Ttotal Status Flags
r-devel-linux-x86_64-debian-clang 1.0 111.53 336.00 447.53 OK
r-devel-linux-x86_64-debian-gcc 1.0 83.81 298.85 382.66 OK
r-devel-linux-x86_64-fedora-clang 1.0 600.39 OK
r-devel-linux-x86_64-fedora-gcc 1.0 628.57 OK
r-devel-windows-x86_64 1.0 83.00 372.00 455.00 OK
r-patched-linux-x86_64 1.0 106.02 348.64 454.66 OK
r-release-linux-x86_64 1.0 112.00 348.22 460.22 OK
r-release-macos-arm64 1.0 217.00 NOTE
r-release-macos-x86_64 1.0 391.00 NOTE
r-release-windows-x86_64 1.0 104.00 487.00 591.00 OK
r-oldrel-macos-arm64 1.0 145.00 NOTE
r-oldrel-windows-x86_64 1.0 102.00 499.00 601.00 OK

Check Details

Version: 1.0
Check: installed package size
Result: NOTE installed size is 5.2Mb sub-directories of 1Mb or more: libs 4.4Mb Flavors: r-release-macos-arm64, r-release-macos-x86_64, r-oldrel-macos-arm64